Last updated on 2025-11-15 02:53:10 CET.
| Flavor | Version | Tinstall | Tcheck | Ttotal | Status | Flags |
|---|---|---|---|---|---|---|
| r-devel-linux-x86_64-debian-clang | 1.2.0 | 2.78 | 87.73 | 90.51 | OK | |
| r-devel-linux-x86_64-debian-gcc | 1.2.0 | 2.46 | 64.35 | 66.81 | OK | |
| r-devel-linux-x86_64-fedora-clang | 1.2.0 | 144.98 | OK | |||
| r-devel-linux-x86_64-fedora-gcc | 1.2.0 | 216.39 | OK | |||
| r-devel-windows-x86_64 | 1.2.0 | 9.00 | 115.00 | 124.00 | OK | |
| r-patched-linux-x86_64 | 1.2.0 | 4.62 | 84.01 | 88.63 | OK | |
| r-release-linux-x86_64 | 1.2.0 | 3.06 | 84.09 | 87.15 | OK | |
| r-release-macos-arm64 | 1.2.0 | 2.00 | 138.00 | 140.00 | OK | |
| r-release-macos-x86_64 | 1.2.0 | 3.00 | 246.00 | 249.00 | OK | |
| r-release-windows-x86_64 | 1.2.0 | 6.00 | 106.00 | 112.00 | OK | |
| r-oldrel-macos-arm64 | 1.2.0 | 2.00 | 116.00 | 118.00 | NOTE | |
| r-oldrel-macos-x86_64 | 1.2.0 | 3.00 | 251.00 | 254.00 | NOTE | |
| r-oldrel-windows-x86_64 | 1.2.0 | 7.00 | 133.00 | 140.00 | NOTE |
Version: 1.2.0
Check: package dependencies
Result: NOTE
Package suggested but not available for checking: ‘cmdstanr’
Flavors: r-oldrel-macos-arm64, r-oldrel-macos-x86_64, r-oldrel-windows-x86_64