Last updated on 2025-11-15 02:53:10 CET.
| Flavor | Version | Tinstall | Tcheck | Ttotal | Status | Flags |
|---|---|---|---|---|---|---|
| r-devel-linux-x86_64-debian-clang | 1.0 | 125.83 | 264.95 | 390.78 | OK | |
| r-devel-linux-x86_64-debian-gcc | 1.0 | 117.60 | 188.84 | 306.44 | OK | |
| r-devel-linux-x86_64-fedora-clang | 1.0 | 234.00 | 384.07 | 618.07 | NOTE | |
| r-devel-linux-x86_64-fedora-gcc | 1.0 | 660.00 | 69.83 | 729.83 | NOTE | |
| r-devel-windows-x86_64 | 1.0 | 151.00 | 248.00 | 399.00 | OK | |
| r-patched-linux-x86_64 | 1.0 | 150.63 | 266.69 | 417.32 | OK | |
| r-release-linux-x86_64 | 1.0 | 150.46 | 262.27 | 412.73 | OK | |
| r-release-macos-arm64 | 1.0 | 53.00 | 106.00 | 159.00 | OK | |
| r-release-macos-x86_64 | 1.0 | 137.00 | 285.00 | 422.00 | OK | |
| r-release-windows-x86_64 | 1.0 | 144.00 | 243.00 | 387.00 | OK | |
| r-oldrel-macos-arm64 | 1.0 | 28.00 | 70.00 | 98.00 | NOTE | |
| r-oldrel-macos-x86_64 | 1.0 | 54.00 | 127.00 | 181.00 | NOTE | |
| r-oldrel-windows-x86_64 | 1.0 | 178.00 | 326.00 | 504.00 | NOTE |
Version: 1.0
Check: dependencies in R code
Result: NOTE
Namespaces in Imports field not imported from:
‘StanHeaders’ ‘methods’ ‘rstantools’
All declared Imports should be used.
Flavors: r-devel-linux-x86_64-fedora-clang, r-devel-linux-x86_64-fedora-gcc
Version: 1.0
Check: installed package size
Result: NOTE
installed size is 49.5Mb
sub-directories of 1Mb or more:
libs 48.8Mb
Flavors: r-oldrel-macos-arm64, r-oldrel-macos-x86_64
Version: 1.0
Check: for GNU extensions in Makefiles
Result: NOTE
GNU make is a SystemRequirements.
Flavors: r-oldrel-macos-arm64, r-oldrel-macos-x86_64, r-oldrel-windows-x86_64