Last updated on 2025-11-15 03:50:22 CET.
| Flavor | Version | Tinstall | Tcheck | Ttotal | Status | Flags |
|---|---|---|---|---|---|---|
| r-devel-linux-x86_64-debian-clang | 1.0 | 1.78 | 19.21 | 20.99 | NOTE | |
| r-devel-linux-x86_64-debian-gcc | 1.0 | 1.46 | 16.13 | 17.59 | NOTE | |
| r-devel-linux-x86_64-fedora-clang | 1.0 | 31.27 | OK | |||
| r-devel-linux-x86_64-fedora-gcc | 1.0 | 30.96 | OK | |||
| r-devel-windows-x86_64 | 1.0 | 6.00 | 38.00 | 44.00 | OK | |
| r-patched-linux-x86_64 | 1.0 | 1.81 | 18.13 | 19.94 | OK | |
| r-release-linux-x86_64 | 1.0 | 1.67 | 18.20 | 19.87 | OK | |
| r-release-macos-arm64 | 1.0 | 1.00 | 15.00 | 16.00 | OK | |
| r-release-macos-x86_64 | 1.0 | 2.00 | 24.00 | 26.00 | OK | |
| r-release-windows-x86_64 | 1.0 | 2.00 | 38.00 | 40.00 | OK | |
| r-oldrel-macos-arm64 | 1.0 | 1.00 | 14.00 | 15.00 | OK | |
| r-oldrel-macos-x86_64 | 1.0 | 2.00 | 19.00 | 21.00 | OK | |
| r-oldrel-windows-x86_64 | 1.0 | 2.00 | 42.00 | 44.00 | OK |
Version: 1.0
Check: CRAN incoming feasibility
Result: NOTE
Maintainer: ‘Przemysław Biecek <przemyslaw.biecek@gmail.com>’
The Description field contains
available at http://biecek.pl/BetaBit/Warsaw. It's a part of Beta and
http://biecek.pl/BetaBit.
Please enclose URLs in angle brackets (<...>).
Flavors: r-devel-linux-x86_64-debian-clang, r-devel-linux-x86_64-debian-gcc