Last updated on 2024-05-07 01:53:24 CEST.
Flavor | Version | Tinstall | Tcheck | Ttotal | Status | Flags |
---|---|---|---|---|---|---|
r-devel-linux-x86_64-debian-clang | 0.3-21 | 311.45 | 109.01 | 420.46 | OK | |
r-devel-linux-x86_64-debian-gcc | 0.3-21 | 229.89 | 80.50 | 310.39 | OK | |
r-devel-linux-x86_64-fedora-clang | 0.3-21 | 615.07 | OK | |||
r-devel-linux-x86_64-fedora-gcc | 0.3-21 | 680.30 | OK | |||
r-devel-windows-x86_64 | 0.3-21 | 236.00 | 116.00 | 352.00 | OK | |
r-patched-linux-x86_64 | 0.3-21 | 267.82 | 102.65 | 370.47 | OK | |
r-release-linux-x86_64 | 0.3-21 | 293.09 | 103.01 | 396.10 | OK | |
r-release-macos-arm64 | 0.3-21 | 105.00 | NOTE | |||
r-release-windows-x86_64 | 0.3-21 | 228.00 | 111.00 | 339.00 | OK | |
r-oldrel-macos-arm64 | 0.3-21 | 116.00 | NOTE | |||
r-oldrel-macos-x86_64 | 0.3-21 | 160.00 | NOTE | |||
r-oldrel-windows-x86_64 | 0.3-21 | 281.00 | 136.00 | 417.00 | OK |
Version: 0.3-21
Check: installed package size
Result: NOTE
installed size is 7.4Mb
sub-directories of 1Mb or more:
libs 7.3Mb
Flavors: r-release-macos-arm64, r-oldrel-macos-arm64, r-oldrel-macos-x86_64