Last updated on 2024-05-21 02:02:14 CEST.
Flavor | Version | Tinstall | Tcheck | Ttotal | Status | Flags |
---|---|---|---|---|---|---|
r-devel-linux-x86_64-debian-clang | 0.2.7 | 12.72 | 232.49 | 245.21 | OK | |
r-devel-linux-x86_64-debian-gcc | 0.2.7 | 10.33 | 177.06 | 187.39 | OK | |
r-devel-linux-x86_64-fedora-clang | 0.2.7 | 310.07 | OK | |||
r-devel-linux-x86_64-fedora-gcc | 0.2.7 | 307.49 | OK | |||
r-devel-windows-x86_64 | 0.2.7 | 10.00 | 191.00 | 201.00 | OK | |
r-patched-linux-x86_64 | 0.2.7 | 11.94 | 224.38 | 236.32 | OK | |
r-release-linux-x86_64 | 0.2.7 | 8.34 | 239.44 | 247.78 | OK | |
r-release-macos-arm64 | 0.2.7 | 88.00 | OK | |||
r-release-windows-x86_64 | 0.2.7 | 13.00 | 186.00 | 199.00 | OK | |
r-oldrel-macos-arm64 | 0.2.7 | 101.00 | OK | |||
r-oldrel-macos-x86_64 | 0.2.7 | 97.00 | NOTE | |||
r-oldrel-windows-x86_64 | 0.2.7 | 15.00 | 227.00 | 242.00 | OK |
Version: 0.2.7
Check: package dependencies
Result: NOTE
Packages suggested but not available for checking: 'glmmTMB', 'DHARMa'
Flavor: r-oldrel-macos-x86_64