Last updated on 2025-11-15 02:53:11 CET.
| Flavor | Version | Tinstall | Tcheck | Ttotal | Status | Flags |
|---|---|---|---|---|---|---|
| r-devel-linux-x86_64-debian-clang | 1.0.1 | 73.52 | 57.97 | 131.49 | OK | |
| r-devel-linux-x86_64-debian-gcc | 1.0.1 | 27.34 | 47.22 | 74.56 | OK | |
| r-devel-linux-x86_64-fedora-clang | 1.0.1 | 76.00 | 132.90 | 208.90 | OK | |
| r-devel-linux-x86_64-fedora-gcc | 1.0.1 | 100.00 | 82.13 | 182.13 | OK | |
| r-devel-windows-x86_64 | 1.0.1 | 49.00 | 96.00 | 145.00 | OK | |
| r-patched-linux-x86_64 | 1.0.1 | 38.28 | 57.37 | 95.65 | OK | |
| r-release-linux-x86_64 | 1.0.1 | 37.33 | 56.73 | 94.06 | OK | |
| r-release-macos-arm64 | 1.0.1 | 48.00 | 81.00 | 129.00 | OK | |
| r-release-macos-x86_64 | 1.0.1 | 35.00 | 120.00 | 155.00 | OK | |
| r-release-windows-x86_64 | 1.0.1 | 42.00 | 98.00 | 140.00 | OK | |
| r-oldrel-macos-arm64 | 1.0.1 | 50.00 | 44.00 | 94.00 | NOTE | |
| r-oldrel-macos-x86_64 | 1.0.1 | 42.00 | 104.00 | 146.00 | NOTE | |
| r-oldrel-windows-x86_64 | 1.0.1 | 56.00 | 121.00 | 177.00 | OK |
Version: 1.0.1
Check: installed package size
Result: NOTE
installed size is 10.3Mb
sub-directories of 1Mb or more:
doc 1.1Mb
libs 9.0Mb
Flavors: r-oldrel-macos-arm64, r-oldrel-macos-x86_64