Last updated on 2025-11-15 02:53:11 CET.
| Flavor | Version | Tinstall | Tcheck | Ttotal | Status | Flags |
|---|---|---|---|---|---|---|
| r-devel-linux-x86_64-debian-clang | 1.0 | 10.38 | 83.56 | 93.94 | NOTE | |
| r-devel-linux-x86_64-debian-gcc | 1.0 | 8.32 | 61.48 | 69.80 | NOTE | |
| r-devel-linux-x86_64-fedora-clang | 1.0 | 24.00 | 120.96 | 144.96 | OK | |
| r-devel-linux-x86_64-fedora-gcc | 1.0 | 25.00 | 113.85 | 138.85 | OK | |
| r-devel-windows-x86_64 | 1.0 | 15.00 | 88.00 | 103.00 | OK | |
| r-patched-linux-x86_64 | 1.0 | 10.60 | 79.82 | 90.42 | OK | |
| r-release-linux-x86_64 | 1.0 | 8.73 | 80.74 | 89.47 | OK | |
| r-release-macos-arm64 | 1.0 | 5.00 | 42.00 | 47.00 | OK | |
| r-release-macos-x86_64 | 1.0 | 9.00 | 67.00 | 76.00 | OK | |
| r-release-windows-x86_64 | 1.0 | 12.00 | 92.00 | 104.00 | OK | |
| r-oldrel-macos-arm64 | 1.0 | 4.00 | 34.00 | 38.00 | OK | |
| r-oldrel-macos-x86_64 | 1.0 | 7.00 | 48.00 | 55.00 | OK | |
| r-oldrel-windows-x86_64 | 1.0 | 17.00 | 111.00 | 128.00 | OK |
Version: 1.0
Check: CRAN incoming feasibility
Result: NOTE
Maintainer: ‘Ivan Fernandez-Val <ivanf@bu.edu>’
No Authors@R field in DESCRIPTION.
Please add one, modifying
Authors@R: c(person(given = "Michael",
family = "Lipsitz",
role = "aut"),
person(given = "Alexandre",
family = "Belloni",
role = "aut"),
person(given = "Victor",
family = "Chernozhukov",
role = "aut"),
person(given = "Ivan",
family = "Fernandez-Val",
role = c("aut", "cre"),
email = "ivanf@bu.edu"))
as necessary.
Flavors: r-devel-linux-x86_64-debian-clang, r-devel-linux-x86_64-debian-gcc