CRAN Package Check Results for Package quickregression

Last updated on 2025-07-12 02:51:52 CEST.

Flavor Version Tinstall Tcheck Ttotal Status Flags
r-devel-linux-x86_64-debian-clang 0.2 1.99 20.30 22.29 OK
r-devel-linux-x86_64-debian-gcc 0.2 1.58 16.94 18.52 OK
r-devel-linux-x86_64-fedora-clang 0.2 34.94 OK
r-devel-linux-x86_64-fedora-gcc 0.2 33.23 OK
r-devel-windows-x86_64 0.2 4.00 40.00 44.00 OK
r-patched-linux-x86_64 0.2 2.06 19.61 21.67 OK
r-release-linux-x86_64 0.2 1.98 19.56 21.54 OK
r-release-macos-arm64 0.2 17.00 OK
r-release-macos-x86_64 0.2 24.00 OK
r-release-windows-x86_64 0.2 3.00 41.00 44.00 OK
r-oldrel-macos-arm64 0.2 16.00 NOTE
r-oldrel-macos-x86_64 0.2 21.00 NOTE
r-oldrel-windows-x86_64 0.2 4.00 44.00 48.00 NOTE

Check Details

Version: 0.2
Check: LazyData
Result: NOTE 'LazyData' is specified without a 'data' directory Flavors: r-oldrel-macos-arm64, r-oldrel-macos-x86_64, r-oldrel-windows-x86_64