Last updated on 2025-11-15 02:53:11 CET.
| Flavor | Version | Tinstall | Tcheck | Ttotal | Status | Flags |
|---|---|---|---|---|---|---|
| r-devel-linux-x86_64-debian-clang | 0.1.0 | 2.51 | 34.63 | 37.14 | NOTE | |
| r-devel-linux-x86_64-debian-gcc | 0.1.0 | 1.66 | 27.40 | 29.06 | NOTE | |
| r-devel-linux-x86_64-fedora-clang | 0.1.0 | 54.74 | OK | |||
| r-devel-linux-x86_64-fedora-gcc | 0.1.0 | 68.16 | OK | |||
| r-devel-windows-x86_64 | 0.1.0 | 7.00 | 56.00 | 63.00 | OK | |
| r-patched-linux-x86_64 | 0.1.0 | 2.83 | 32.35 | 35.18 | OK | |
| r-release-linux-x86_64 | 0.1.0 | 2.20 | 32.12 | 34.32 | OK | |
| r-release-macos-arm64 | 0.1.0 | 1.00 | 35.00 | 36.00 | OK | |
| r-release-macos-x86_64 | 0.1.0 | 2.00 | 50.00 | 52.00 | OK | |
| r-release-windows-x86_64 | 0.1.0 | 4.00 | 55.00 | 59.00 | OK | |
| r-oldrel-macos-arm64 | 0.1.0 | 1.00 | 27.00 | 28.00 | OK | |
| r-oldrel-macos-x86_64 | 0.1.0 | 2.00 | 38.00 | 40.00 | OK | |
| r-oldrel-windows-x86_64 | 0.1.0 | 6.00 | 66.00 | 72.00 | OK |
Version: 0.1.0
Check: CRAN incoming feasibility
Result: NOTE
Maintainer: ‘Vitor Marques <vmrodriguespro@gmail.com>’
The Description field contains
<arXiv:quant-ph/9706062v2>; C. Godsil (2011) <arXiv:1103.2578v3>.
Please refer to arXiv e-prints via their arXiv DOI <doi:10.48550/arXiv.YYMM.NNNNN>.
Flavors: r-devel-linux-x86_64-debian-clang, r-devel-linux-x86_64-debian-gcc