Last updated on 2025-11-16 01:49:27 CET.
| Flavor | Version | Tinstall | Tcheck | Ttotal | Status | Flags |
|---|---|---|---|---|---|---|
| r-devel-linux-x86_64-debian-clang | 1.1 | 7.61 | 59.04 | 66.65 | NOTE | |
| r-devel-linux-x86_64-debian-gcc | 1.1 | 5.63 | 45.39 | 51.02 | NOTE | |
| r-devel-linux-x86_64-fedora-clang | 1.1 | 16.00 | 83.34 | 99.34 | OK | |
| r-devel-linux-x86_64-fedora-gcc | 1.1 | 23.00 | 73.94 | 96.94 | OK | |
| r-devel-windows-x86_64 | 1.1 | 7.00 | 65.00 | 72.00 | OK | |
| r-patched-linux-x86_64 | 1.1 | 6.62 | 56.31 | 62.93 | OK | |
| r-release-linux-x86_64 | 1.1 | 5.77 | 56.39 | 62.16 | OK | |
| r-release-macos-arm64 | 1.1 | 4.00 | 38.00 | 42.00 | OK | |
| r-release-macos-x86_64 | 1.1 | 9.00 | 49.00 | 58.00 | OK | |
| r-release-windows-x86_64 | 1.1 | 7.00 | 68.00 | 75.00 | OK | |
| r-oldrel-macos-arm64 | 1.1 | 3.00 | 28.00 | 31.00 | OK | |
| r-oldrel-macos-x86_64 | 1.1 | 5.00 | 40.00 | 45.00 | OK | |
| r-oldrel-windows-x86_64 | 1.1 | 9.00 | 82.00 | 91.00 | OK |
Version: 1.1
Check: CRAN incoming feasibility
Result: NOTE
Maintainer: ‘Abdelmoneim Amer Desouki <desouki@hhu.de>’
No Authors@R field in DESCRIPTION.
Please add one, modifying
Authors@R: person(given = c("Abdelmoneim", "Amer"),
family = "Desouki",
role = c("aut", "cre"),
email = "desouki@hhu.de")
as necessary.
The Description field contains
Desouki, M. Roeder, A. Ngonga (2019) <arXiv:1903.10326>.
Please refer to arXiv e-prints via their arXiv DOI <doi:10.48550/arXiv.YYMM.NNNNN>.
Flavors: r-devel-linux-x86_64-debian-clang, r-devel-linux-x86_64-debian-gcc