CRAN Package Check Results for Package rKolada

Last updated on 2025-11-15 02:53:13 CET.

Flavor Version Tinstall Tcheck Ttotal Status Flags
r-devel-linux-x86_64-debian-clang 0.2.3 3.80 50.42 54.22 NOTE
r-devel-linux-x86_64-debian-gcc 0.2.3 2.77 40.08 42.85 NOTE
r-devel-linux-x86_64-fedora-clang 0.2.3 81.21 NOTE
r-devel-linux-x86_64-fedora-gcc 0.2.3 11.00 81.69 92.69 NOTE
r-devel-windows-x86_64 0.2.3 8.00 79.00 87.00 NOTE
r-patched-linux-x86_64 0.2.3 3.77 47.93 51.70 NOTE
r-release-linux-x86_64 0.2.3 3.73 47.26 50.99 NOTE
r-release-macos-arm64 0.2.3 2.00 55.00 57.00 NOTE
r-release-macos-x86_64 0.2.3 4.00 80.00 84.00 NOTE
r-release-windows-x86_64 0.2.3 6.00 478.00 484.00 NOTE
r-oldrel-macos-arm64 0.2.3 2.00 57.00 59.00 OK
r-oldrel-macos-x86_64 0.2.3 3.00 96.00 99.00 OK
r-oldrel-windows-x86_64 0.2.3 9.00 89.00 98.00 OK

Check Details

Version: 0.2.3
Check: DESCRIPTION meta-information
Result: NOTE Missing dependency on R >= 4.1.0 because package code uses the pipe |> or function shorthand \(...) syntax added in R 4.1.0. File(s) using such syntax: ‘higher_order_metadata.R’ Flavors: r-devel-linux-x86_64-debian-clang, r-devel-linux-x86_64-debian-gcc, r-devel-linux-x86_64-fedora-clang, r-devel-linux-x86_64-fedora-gcc, r-devel-windows-x86_64, r-patched-linux-x86_64, r-release-linux-x86_64, r-release-macos-arm64, r-release-macos-x86_64, r-release-windows-x86_64