Last updated on 2025-10-31 01:49:09 CET.
| Flavor | Version | Tinstall | Tcheck | Ttotal | Status | Flags | 
|---|---|---|---|---|---|---|
| r-devel-linux-x86_64-debian-clang | 1.1.6 | 25.40 | 127.11 | 152.51 | NOTE | |
| r-devel-linux-x86_64-debian-gcc | 1.1.6 | 17.84 | 84.36 | 102.20 | NOTE | |
| r-devel-linux-x86_64-fedora-clang | 1.1.6 | 84.00 | 162.11 | 246.11 | OK | |
| r-devel-linux-x86_64-fedora-gcc | 1.1.6 | 54.00 | 191.00 | 245.00 | OK | |
| r-devel-windows-x86_64 | 1.1.6 | 29.00 | 151.00 | 180.00 | OK | |
| r-patched-linux-x86_64 | 1.1.6 | 25.02 | 120.58 | 145.60 | OK | |
| r-release-linux-x86_64 | 1.1.6 | 25.51 | 121.85 | 147.36 | OK | |
| r-release-macos-arm64 | 1.1.6 | 11.00 | 53.00 | 64.00 | OK | |
| r-release-macos-x86_64 | 1.1.6 | 22.00 | 108.00 | 130.00 | OK | |
| r-release-windows-x86_64 | 1.1.6 | 29.00 | 152.00 | 181.00 | OK | |
| r-oldrel-macos-arm64 | 1.1.6 | 12.00 | 51.00 | 63.00 | OK | |
| r-oldrel-macos-x86_64 | 1.1.6 | 21.00 | 88.00 | 109.00 | OK | |
| r-oldrel-windows-x86_64 | 1.1.6 | 37.00 | 192.00 | 229.00 | OK | 
Version: 1.1.6
Check: CRAN incoming feasibility
Result: NOTE
  Maintainer: ‘Saip Ciss <saip.ciss@wanadoo.fr>’
  
  No Authors@R field in DESCRIPTION.
  Please add one, modifying
    Authors@R: person(given = "Saip",
                      family = "Ciss",
                      role = c("aut", "cre"),
                      email = "saip.ciss@wanadoo.fr")
  as necessary.
Flavors: r-devel-linux-x86_64-debian-clang, r-devel-linux-x86_64-debian-gcc