CRAN Package Check Results for Package rappdirs

Last updated on 2025-07-23 02:54:07 CEST.

Flavor Version Tinstall Tcheck Ttotal Status Flags
r-devel-linux-x86_64-debian-clang 0.3.3 2.41 21.53 23.94 NOTE
r-devel-linux-x86_64-debian-gcc 0.3.3 1.66 18.13 19.79 NOTE
r-devel-linux-x86_64-fedora-clang 0.3.3 35.68 NOTE
r-devel-linux-x86_64-fedora-gcc 0.3.3 34.07 NOTE
r-devel-windows-x86_64 0.3.3 9.00 42.00 51.00 NOTE
r-patched-linux-x86_64 0.3.3 2.25 19.45 21.70 NOTE
r-release-linux-x86_64 0.3.3 2.02 19.63 21.65 NOTE
r-release-macos-arm64 0.3.3 17.00 NOTE
r-release-macos-x86_64 0.3.3 29.00 NOTE
r-release-windows-x86_64 0.3.3 9.00 44.00 53.00 NOTE
r-oldrel-macos-arm64 0.3.3 23.00 NOTE
r-oldrel-macos-x86_64 0.3.3 24.00 NOTE
r-oldrel-windows-x86_64 0.3.3 9.00 47.00 56.00 NOTE

Check Details

Version: 0.3.3
Check: Rd files
Result: NOTE checkRd: (-1) user_log_dir.Rd:48: Lost braces 48 | \\env{$XDG_CACHE_HOME} if defined | ^ Flavors: r-devel-linux-x86_64-debian-clang, r-devel-linux-x86_64-debian-gcc, r-devel-linux-x86_64-fedora-clang, r-devel-linux-x86_64-fedora-gcc, r-devel-windows-x86_64, r-patched-linux-x86_64, r-release-linux-x86_64, r-release-macos-arm64, r-release-macos-x86_64, r-release-windows-x86_64, r-oldrel-macos-arm64, r-oldrel-macos-x86_64, r-oldrel-windows-x86_64