CRAN Package Check Results for Package rappsflyer

Last updated on 2025-11-15 03:50:24 CET.

Flavor Version Tinstall Tcheck Ttotal Status Flags
r-devel-linux-x86_64-debian-clang 0.2.0 4.84 45.50 50.34 OK
r-devel-linux-x86_64-debian-gcc 0.2.0 4.17 34.78 38.95 OK
r-devel-linux-x86_64-fedora-clang 0.2.0 11.00 67.56 78.56 OK
r-devel-linux-x86_64-fedora-gcc 0.2.0 87.06 OK
r-devel-windows-x86_64 0.2.0 10.00 62.00 72.00 OK
r-patched-linux-x86_64 0.2.0 4.73 43.45 48.18 OK
r-release-linux-x86_64 0.2.0 4.09 43.74 47.83 OK
r-release-macos-arm64 0.2.0 3.00 37.00 40.00 OK
r-release-macos-x86_64 0.2.0 4.00 58.00 62.00 OK
r-release-windows-x86_64 0.2.0 9.00 59.00 68.00 OK
r-oldrel-macos-arm64 0.2.0 2.00 36.00 38.00 NOTE
r-oldrel-macos-x86_64 0.2.0 3.00 51.00 54.00 NOTE
r-oldrel-windows-x86_64 0.2.0 9.00 72.00 81.00 NOTE

Check Details

Version: 0.2.0
Check: LazyData
Result: NOTE 'LazyData' is specified without a 'data' directory Flavors: r-oldrel-macos-arm64, r-oldrel-macos-x86_64, r-oldrel-windows-x86_64