Last updated on 2024-05-06 02:52:35 CEST.
Flavor | Version | Tinstall | Tcheck | Ttotal | Status | Flags |
---|---|---|---|---|---|---|
r-devel-linux-x86_64-debian-clang | 0.37.3 | 140.79 | 155.15 | 295.94 | NOTE | |
r-devel-linux-x86_64-debian-gcc | 0.37.3 | 109.91 | 110.56 | 220.47 | NOTE | |
r-devel-linux-x86_64-fedora-clang | 0.37.3 | 397.66 | NOTE | |||
r-devel-linux-x86_64-fedora-gcc | 0.37.3 | 378.40 | NOTE | |||
r-devel-windows-x86_64 | 0.37.3 | 105.00 | 156.00 | 261.00 | OK | |
r-patched-linux-x86_64 | 0.37.3 | 105.92 | 144.24 | 250.16 | NOTE | |
r-release-linux-x86_64 | 0.37.3 | 97.33 | 147.40 | 244.73 | NOTE | |
r-release-macos-arm64 | 0.37.3 | 80.00 | NOTE | |||
r-release-macos-x86_64 | 0.37.3 | 170.00 | NOTE | |||
r-release-windows-x86_64 | 0.37.3 | 103.00 | 151.00 | 254.00 | OK | |
r-oldrel-macos-arm64 | 0.37.3 | 84.00 | NOTE | |||
r-oldrel-macos-x86_64 | 0.37.3 | 162.00 | NOTE | |||
r-oldrel-windows-x86_64 | 0.37.3 | 131.00 | 191.00 | 322.00 | NOTE |
Version: 0.37.3
Check: package dependencies
Result: NOTE
Package suggested but not available for checking: ‘raybevel’
Flavors: r-devel-linux-x86_64-debian-clang, r-devel-linux-x86_64-debian-gcc, r-devel-linux-x86_64-fedora-clang, r-devel-linux-x86_64-fedora-gcc, r-patched-linux-x86_64, r-release-linux-x86_64, r-release-macos-x86_64, r-oldrel-macos-arm64, r-oldrel-macos-x86_64
Version: 0.37.3
Check: installed package size
Result: NOTE
installed size is 7.2Mb
sub-directories of 1Mb or more:
data 2.9Mb
libs 3.3Mb
Flavors: r-release-macos-arm64, r-release-macos-x86_64, r-oldrel-macos-arm64, r-oldrel-macos-x86_64, r-oldrel-windows-x86_64