Last updated on 2024-05-02 01:57:11 CEST.
Flavor | Version | Tinstall | Tcheck | Ttotal | Status | Flags |
---|---|---|---|---|---|---|
r-devel-linux-x86_64-debian-clang | 1.8.8 | 3.36 | 39.07 | 42.43 | NOTE | |
r-devel-linux-x86_64-debian-gcc | 1.8.8 | 3.27 | 29.23 | 32.50 | NOTE | |
r-devel-linux-x86_64-fedora-clang | 1.8.8 | 54.49 | NOTE | |||
r-devel-linux-x86_64-fedora-gcc | 1.8.8 | 51.47 | NOTE | |||
r-devel-windows-x86_64 | 1.8.8 | 4.00 | 54.00 | 58.00 | NOTE | |
r-patched-linux-x86_64 | 1.8.8 | 4.25 | 37.40 | 41.65 | NOTE | |
r-release-linux-x86_64 | 1.8.8 | 2.76 | 37.21 | 39.97 | NOTE | |
r-release-macos-arm64 | 1.8.8 | 21.00 | NOTE | |||
r-release-windows-x86_64 | 1.8.8 | 4.00 | 55.00 | 59.00 | NOTE | |
r-oldrel-macos-arm64 | 1.8.8 | 21.00 | NOTE | |||
r-oldrel-macos-x86_64 | 1.8.8 | 29.00 | NOTE | |||
r-oldrel-windows-x86_64 | 1.8.8 | 5.00 | 58.00 | 63.00 | NOTE |
Version: 1.8.8
Check: package dependencies
Result: NOTE
Package suggested but not available for checking: ‘rrelaxiv’
Flavors: r-devel-linux-x86_64-debian-clang, r-devel-linux-x86_64-debian-gcc, r-devel-linux-x86_64-fedora-clang, r-devel-linux-x86_64-fedora-gcc, r-devel-windows-x86_64, r-patched-linux-x86_64, r-release-linux-x86_64, r-release-macos-arm64, r-release-windows-x86_64, r-oldrel-macos-arm64, r-oldrel-macos-x86_64, r-oldrel-windows-x86_64