Last updated on 2024-05-08 01:48:24 CEST.
Flavor | Version | Tinstall | Tcheck | Ttotal | Status | Flags |
---|---|---|---|---|---|---|
r-devel-linux-x86_64-debian-clang | 0.1.1 | 5.52 | 86.39 | 91.91 | NOTE | |
r-devel-linux-x86_64-debian-gcc | 0.1.1 | 4.88 | 64.08 | 68.96 | NOTE | |
r-devel-linux-x86_64-fedora-clang | 0.1.1 | 115.46 | NOTE | |||
r-devel-linux-x86_64-fedora-gcc | 0.1.1 | 147.46 | NOTE | |||
r-devel-windows-x86_64 | 0.1.1 | 9.00 | 93.00 | 102.00 | NOTE | |
r-patched-linux-x86_64 | 0.1.1 | 7.02 | 80.37 | 87.39 | NOTE | |
r-release-linux-x86_64 | 0.1.1 | 6.37 | 82.81 | 89.18 | NOTE | |
r-release-macos-arm64 | 0.1.1 | 40.00 | NOTE | |||
r-release-windows-x86_64 | 0.1.1 | 7.00 | 93.00 | 100.00 | NOTE | |
r-oldrel-macos-arm64 | 0.1.1 | 44.00 | OK | |||
r-oldrel-macos-x86_64 | 0.1.1 | 75.00 | OK | |||
r-oldrel-windows-x86_64 | 0.1.1 | 10.00 | 107.00 | 117.00 | OK |
Version: 0.1.1
Check: Rd files
Result: NOTE
checkRd: (-1) refdb_import_BOLD.Rd:63: Lost braces
63 | link[bold]{bold_stats} and \link[bold]{bold_seqspec}
| ^
Flavors: r-devel-linux-x86_64-debian-clang, r-devel-linux-x86_64-debian-gcc, r-devel-linux-x86_64-fedora-clang, r-devel-linux-x86_64-fedora-gcc, r-devel-windows-x86_64, r-patched-linux-x86_64, r-release-linux-x86_64, r-release-macos-arm64, r-release-windows-x86_64