Last updated on 2024-05-21 02:02:16 CEST.
Flavor | Version | Tinstall | Tcheck | Ttotal | Status | Flags |
---|---|---|---|---|---|---|
r-devel-linux-x86_64-debian-clang | 1.2-1 | 11.45 | 53.67 | 65.12 | NOTE | |
r-devel-linux-x86_64-debian-gcc | 1.2-1 | 8.98 | 39.78 | 48.76 | NOTE | |
r-devel-linux-x86_64-fedora-clang | 1.2-1 | 78.50 | NOTE | |||
r-devel-linux-x86_64-fedora-gcc | 1.2-1 | 76.02 | NOTE | |||
r-devel-windows-x86_64 | 1.2-1 | 13.00 | 61.00 | 74.00 | NOTE | |
r-patched-linux-x86_64 | 1.2-1 | 11.00 | 51.05 | 62.05 | NOTE | |
r-release-linux-x86_64 | 1.2-1 | 10.65 | 50.15 | 60.80 | NOTE | |
r-release-macos-arm64 | 1.2-1 | 26.00 | NOTE | |||
r-release-windows-x86_64 | 1.2-1 | 15.00 | 61.00 | 76.00 | NOTE | |
r-oldrel-macos-arm64 | 1.2-1 | 28.00 | OK | |||
r-oldrel-macos-x86_64 | 1.2-1 | 40.00 | OK | |||
r-oldrel-windows-x86_64 | 1.2-1 | 16.00 | 64.00 | 80.00 | OK |
Version: 1.2-1
Check: Rd files
Result: NOTE
checkRd: (-1) rem.dyad.Rd:121: Lost braces; missing escapes or markup?
121 | \item Single or multiple covariates, time varying: For \code{CovSnd}, \code{CovRec}, or \code{CovInt}, an \code{m} by \code{p} by {n} array whose respective dimensions index time (i.e., event number), covariate, and actor. For \code{CovEvent}, a \code{m} by \code{p} by \code{n} by \code{n} array, whose dimensions are analogous to the previous case.
| ^
Flavors: r-devel-linux-x86_64-debian-clang, r-devel-linux-x86_64-debian-gcc, r-devel-linux-x86_64-fedora-clang, r-devel-linux-x86_64-fedora-gcc, r-devel-windows-x86_64, r-patched-linux-x86_64, r-release-linux-x86_64, r-release-macos-arm64, r-release-windows-x86_64