Last updated on 2025-11-15 02:53:13 CET.
| Flavor | Version | Tinstall | Tcheck | Ttotal | Status | Flags |
|---|---|---|---|---|---|---|
| r-devel-linux-x86_64-debian-clang | 2.1.2 | 3.67 | 34.51 | 38.18 | OK | |
| r-devel-linux-x86_64-debian-gcc | 2.1.2 | 2.46 | 27.55 | 30.01 | OK | |
| r-devel-linux-x86_64-fedora-clang | 2.1.2 | 56.22 | OK | |||
| r-devel-linux-x86_64-fedora-gcc | 2.1.2 | 17.00 | 39.57 | 56.57 | OK | |
| r-devel-windows-x86_64 | 2.1.2 | 6.00 | 50.00 | 56.00 | OK | |
| r-patched-linux-x86_64 | 2.1.2 | 2.89 | 31.60 | 34.49 | OK | |
| r-release-linux-x86_64 | 2.1.2 | 3.52 | 31.93 | 35.45 | OK | |
| r-release-macos-arm64 | 2.1.2 | 2.00 | 25.00 | 27.00 | OK | |
| r-release-macos-x86_64 | 2.1.2 | 3.00 | 38.00 | 41.00 | OK | |
| r-release-windows-x86_64 | 2.1.2 | 6.00 | 48.00 | 54.00 | OK | |
| r-oldrel-macos-arm64 | 2.1.2 | 2.00 | 20.00 | 22.00 | NOTE | |
| r-oldrel-macos-x86_64 | 2.1.2 | 3.00 | 28.00 | 31.00 | NOTE | |
| r-oldrel-windows-x86_64 | 2.1.2 | 6.00 | 61.00 | 67.00 | NOTE |
Version: 2.1.2
Check: LazyData
Result: NOTE
'LazyData' is specified without a 'data' directory
Flavors: r-oldrel-macos-arm64, r-oldrel-macos-x86_64, r-oldrel-windows-x86_64