Last updated on 2025-11-15 03:50:25 CET.
| Flavor | Version | Tinstall | Tcheck | Ttotal | Status | Flags |
|---|---|---|---|---|---|---|
| r-devel-linux-x86_64-debian-clang | 0.0.3 | 135.79 | 206.28 | 342.07 | OK | |
| r-devel-linux-x86_64-debian-gcc | 0.0.3 | 83.55 | 174.49 | 258.04 | OK | |
| r-devel-linux-x86_64-fedora-clang | 0.0.3 | 189.00 | 920.57 | 1109.57 | OK | |
| r-devel-linux-x86_64-fedora-gcc | 0.0.3 | 451.00 | 702.07 | 1153.07 | OK | |
| r-devel-windows-x86_64 | 0.0.3 | 150.00 | 564.00 | 714.00 | OK | |
| r-patched-linux-x86_64 | 0.0.3 | 127.10 | 201.10 | 328.20 | OK | |
| r-release-linux-x86_64 | 0.0.3 | 122.12 | 199.42 | 321.54 | OK | |
| r-release-macos-arm64 | 0.0.3 | 58.00 | 109.00 | 167.00 | OK | |
| r-release-macos-x86_64 | 0.0.3 | 103.00 | 459.00 | 562.00 | OK | |
| r-release-windows-x86_64 | 0.0.3 | 139.00 | 681.00 | 820.00 | OK | |
| r-oldrel-macos-arm64 | 0.0.3 | 29.00 | 50.00 | 79.00 | NOTE | |
| r-oldrel-macos-x86_64 | 0.0.3 | 40.00 | 202.00 | 242.00 | NOTE | |
| r-oldrel-windows-x86_64 | 0.0.3 | 173.00 | 326.00 | 499.00 | NOTE |
Version: 0.0.3
Check: installed package size
Result: NOTE
installed size is 17.3Mb
sub-directories of 1Mb or more:
R 2.1Mb
doc 1.2Mb
libs 13.8Mb
Flavors: r-oldrel-macos-arm64, r-oldrel-macos-x86_64
Version: 0.0.3
Check: for GNU extensions in Makefiles
Result: NOTE
GNU make is a SystemRequirements.
Flavors: r-oldrel-macos-arm64, r-oldrel-macos-x86_64, r-oldrel-windows-x86_64