Last updated on 2024-05-07 01:53:26 CEST.
Flavor | Version | Tinstall | Tcheck | Ttotal | Status | Flags |
---|---|---|---|---|---|---|
r-devel-linux-x86_64-debian-clang | 0.3.2 | 4.50 | 30.04 | 34.54 | NOTE | |
r-devel-linux-x86_64-debian-gcc | 0.3.2 | 4.21 | 23.04 | 27.25 | NOTE | |
r-devel-linux-x86_64-fedora-clang | 0.3.2 | 45.08 | NOTE | |||
r-devel-linux-x86_64-fedora-gcc | 0.3.2 | 52.64 | NOTE | |||
r-devel-windows-x86_64 | 0.3.2 | 5.00 | 48.00 | 53.00 | NOTE | |
r-patched-linux-x86_64 | 0.3.2 | 8.79 | 27.61 | 36.40 | NOTE | |
r-release-linux-x86_64 | 0.3.2 | 5.98 | 28.66 | 34.64 | NOTE | |
r-release-macos-arm64 | 0.3.2 | 19.00 | NOTE | |||
r-release-windows-x86_64 | 0.3.2 | 7.00 | 49.00 | 56.00 | NOTE | |
r-oldrel-macos-arm64 | 0.3.2 | 19.00 | NOTE | |||
r-oldrel-macos-x86_64 | 0.3.2 | 24.00 | NOTE | |||
r-oldrel-windows-x86_64 | 0.3.2 | 7.00 | 49.00 | 56.00 | NOTE |
Version: 0.3.2
Check: LazyData
Result: NOTE
'LazyData' is specified without a 'data' directory
Flavors: r-devel-linux-x86_64-debian-clang, r-devel-linux-x86_64-debian-gcc, r-devel-linux-x86_64-fedora-clang, r-devel-linux-x86_64-fedora-gcc, r-devel-windows-x86_64, r-patched-linux-x86_64, r-release-linux-x86_64, r-release-macos-arm64, r-release-windows-x86_64, r-oldrel-macos-arm64, r-oldrel-macos-x86_64, r-oldrel-windows-x86_64