Last updated on 2025-11-16 01:49:28 CET.
| Flavor | Version | Tinstall | Tcheck | Ttotal | Status | Flags |
|---|---|---|---|---|---|---|
| r-devel-linux-x86_64-debian-clang | 0.10.1 | 5.22 | 71.64 | 76.86 | OK | |
| r-devel-linux-x86_64-debian-gcc | 0.10.1 | 3.76 | 57.35 | 61.11 | NOTE | |
| r-devel-linux-x86_64-fedora-clang | 0.10.1 | 13.00 | 105.91 | 118.91 | OK | |
| r-devel-linux-x86_64-fedora-gcc | 0.10.1 | 13.00 | 117.16 | 130.16 | OK | |
| r-devel-windows-x86_64 | 0.10.1 | 9.00 | 94.00 | 103.00 | OK | |
| r-patched-linux-x86_64 | 0.10.1 | 5.99 | 67.59 | 73.58 | OK | |
| r-release-linux-x86_64 | 0.10.1 | 5.46 | 67.41 | 72.87 | OK | |
| r-release-macos-arm64 | 0.10.1 | 3.00 | 48.00 | 51.00 | OK | |
| r-release-macos-x86_64 | 0.10.1 | 9.00 | 150.00 | 159.00 | OK | |
| r-release-windows-x86_64 | 0.10.1 | 8.00 | 94.00 | 102.00 | OK | |
| r-oldrel-macos-arm64 | 0.10.1 | 3.00 | 51.00 | 54.00 | OK | |
| r-oldrel-macos-x86_64 | 0.10.1 | 5.00 | 86.00 | 91.00 | OK | |
| r-oldrel-windows-x86_64 | 0.10.1 | 12.00 | 110.00 | 122.00 | OK |
Version: 0.10.1
Check: CRAN incoming feasibility
Result: NOTE
Maintainer: ‘Bruno Rodrigues <bruno@brodrigues.co>’
The BugReports field in DESCRIPTION has
https://github.com/ropensci/rixpress/issues/
which should likely be
https://github.com/ropensci/rixpress/issues/issues
instead.
Flavor: r-devel-linux-x86_64-debian-gcc