Last updated on 2024-04-26 01:53:21 CEST.
Flavor | Version | Tinstall | Tcheck | Ttotal | Status | Flags |
---|---|---|---|---|---|---|
r-devel-linux-x86_64-debian-clang | 2.26 | 11.74 | 87.68 | 99.42 | OK | |
r-devel-linux-x86_64-debian-gcc | 2.26 | 8.79 | 62.50 | 71.29 | OK | |
r-devel-linux-x86_64-fedora-clang | 2.26 | 125.70 | NOTE | |||
r-devel-linux-x86_64-fedora-gcc | 2.26 | 129.07 | OK | |||
r-devel-windows-x86_64 | 2.26 | 13.00 | 89.00 | 102.00 | NOTE | |
r-patched-linux-x86_64 | 2.26 | 14.38 | 80.31 | 94.69 | OK | |
r-release-linux-x86_64 | 2.26 | 10.11 | 82.19 | 92.30 | OK | |
r-release-macos-arm64 | 2.26 | 43.00 | NOTE | |||
r-release-macos-x86_64 | 2.26 | 109.00 | NOTE | |||
r-release-windows-x86_64 | 2.26 | 14.00 | 87.00 | 101.00 | NOTE | |
r-oldrel-macos-arm64 | 2.26 | 52.00 | NOTE | |||
r-oldrel-macos-x86_64 | 2.26 | 82.00 | NOTE | |||
r-oldrel-windows-x86_64 | 2.26 | 18.00 | 101.00 | 119.00 | NOTE |
Version: 2.26
Check: installed package size
Result: NOTE
installed size is 7.3Mb
sub-directories of 1Mb or more:
rmd 6.2Mb
Flavors: r-devel-linux-x86_64-fedora-clang, r-devel-windows-x86_64, r-release-macos-arm64, r-release-macos-x86_64, r-release-windows-x86_64, r-oldrel-macos-arm64, r-oldrel-macos-x86_64, r-oldrel-windows-x86_64