Last updated on 2025-11-20 03:50:21 CET.
| Flavor | Version | Tinstall | Tcheck | Ttotal | Status | Flags |
|---|---|---|---|---|---|---|
| r-devel-linux-x86_64-debian-clang | 0.1.0 | 12.37 | 108.94 | 121.31 | NOTE | |
| r-devel-linux-x86_64-debian-gcc | 0.1.0 | 10.04 | 78.32 | 88.36 | NOTE | |
| r-devel-linux-x86_64-fedora-clang | 0.1.0 | 28.00 | 162.06 | 190.06 | OK | |
| r-devel-linux-x86_64-fedora-gcc | 0.1.0 | 23.00 | 152.03 | 175.03 | OK | |
| r-devel-windows-x86_64 | 0.1.0 | 15.00 | 109.00 | 124.00 | OK | |
| r-patched-linux-x86_64 | 0.1.0 | 12.69 | 101.17 | 113.86 | OK | |
| r-release-linux-x86_64 | 0.1.0 | 13.16 | 100.51 | 113.67 | OK | |
| r-release-macos-arm64 | 0.1.0 | OK | ||||
| r-release-macos-x86_64 | 0.1.0 | 15.00 | 76.00 | 91.00 | OK | |
| r-release-windows-x86_64 | 0.1.0 | 15.00 | 105.00 | 120.00 | OK | |
| r-oldrel-macos-arm64 | 0.1.0 | OK | ||||
| r-oldrel-macos-x86_64 | 0.1.0 | 10.00 | 58.00 | 68.00 | OK | |
| r-oldrel-windows-x86_64 | 0.1.0 | 22.00 | 134.00 | 156.00 | OK |
Version: 0.1.0
Check: CRAN incoming feasibility
Result: NOTE
Maintainer: ‘Lukasz Smaga <ls@amu.edu.pl>’
The Description field contains
<arXiv:2306.03883>). These procedures enable us to verify the overall
Please refer to arXiv e-prints via their arXiv DOI <doi:10.48550/arXiv.YYMM.NNNNN>.
Flavors: r-devel-linux-x86_64-debian-clang, r-devel-linux-x86_64-debian-gcc