Last updated on 2025-05-05 01:51:00 CEST.
Flavor | Version | Tinstall | Tcheck | Ttotal | Status | Flags |
---|---|---|---|---|---|---|
r-devel-linux-x86_64-debian-clang | 2.0.0 | 19.11 | 163.81 | 182.92 | NOTE | |
r-devel-linux-x86_64-debian-gcc | 2.0.0 | 11.55 | 115.82 | 127.37 | NOTE | |
r-devel-linux-x86_64-fedora-clang | 2.0.0 | 302.65 | OK | |||
r-devel-linux-x86_64-fedora-gcc | 2.0.0 | 284.36 | OK | |||
r-devel-windows-x86_64 | 2.0.0 | 20.00 | 189.00 | 209.00 | OK | |
r-patched-linux-x86_64 | 2.0.0 | 19.50 | 157.07 | 176.57 | OK | |
r-release-linux-x86_64 | 2.0.0 | 17.09 | 155.35 | 172.44 | OK | |
r-release-macos-arm64 | 2.0.0 | 73.00 | OK | |||
r-release-macos-x86_64 | 2.0.0 | 104.00 | OK | |||
r-release-windows-x86_64 | 2.0.0 | 21.00 | 191.00 | 212.00 | OK | |
r-oldrel-macos-arm64 | 2.0.0 | 83.00 | OK | |||
r-oldrel-macos-x86_64 | 2.0.0 | 124.00 | OK | |||
r-oldrel-windows-x86_64 | 2.0.0 | 27.00 | 240.00 | 267.00 | OK |
Version: 2.0.0
Check: examples
Result: NOTE
Examples with CPU time > 2.5 times elapsed time
user system elapsed ratio
robinRobust 2.29 0.173 0.853 2.887
Flavor: r-devel-linux-x86_64-debian-clang
Version: 2.0.0
Check: examples
Result: NOTE
Examples with CPU time > 2.5 times elapsed time
user system elapsed ratio
robinRobust 1.685 0.314 0.578 3.458
Flavor: r-devel-linux-x86_64-debian-gcc