Last updated on 2025-11-21 01:50:11 CET.
| Flavor | Version | Tinstall | Tcheck | Ttotal | Status | Flags |
|---|---|---|---|---|---|---|
| r-devel-linux-x86_64-debian-clang | 0.1.3 | 14.82 | 24.86 | 39.68 | NOTE | |
| r-devel-linux-x86_64-debian-gcc | 0.1.3 | 9.86 | 20.66 | 30.52 | NOTE | |
| r-devel-linux-x86_64-fedora-clang | 0.1.3 | 31.00 | 36.18 | 67.18 | OK | |
| r-devel-linux-x86_64-fedora-gcc | 0.1.3 | 74.00 | -8.88 | 65.12 | OK | |
| r-devel-windows-x86_64 | 0.1.3 | 22.00 | 63.00 | 85.00 | OK | |
| r-patched-linux-x86_64 | 0.1.3 | 15.07 | 23.84 | 38.91 | OK | |
| r-release-linux-x86_64 | 0.1.3 | 14.57 | 23.74 | 38.31 | OK | |
| r-release-macos-arm64 | 0.1.3 | OK | ||||
| r-release-macos-x86_64 | 0.1.3 | 8.00 | 26.00 | 34.00 | OK | |
| r-release-windows-x86_64 | 0.1.3 | 18.00 | 65.00 | 83.00 | OK | |
| r-oldrel-macos-arm64 | 0.1.3 | OK | ||||
| r-oldrel-macos-x86_64 | 0.1.3 | 8.00 | 23.00 | 31.00 | OK | |
| r-oldrel-windows-x86_64 | 0.1.3 | 17.00 | 74.00 | 91.00 | OK |
Version: 0.1.3
Check: CRAN incoming feasibility
Result: NOTE
Maintainer: ‘Stephan Dlugosz <stephan.dlugosz@googlemail.com>’
No Authors@R field in DESCRIPTION.
Please add one, modifying
Authors@R: person(given = "Stephan",
family = "Dlugosz",
role = c("aut", "cre"),
email = "stephan.dlugosz@googlemail.com")
as necessary.
Flavors: r-devel-linux-x86_64-debian-clang, r-devel-linux-x86_64-debian-gcc