Last updated on 2024-05-21 02:02:18 CEST.
Flavor | Version | Tinstall | Tcheck | Ttotal | Status | Flags |
---|---|---|---|---|---|---|
r-devel-linux-x86_64-debian-clang | 0.7.4 | 1903.18 | 213.64 | 2116.82 | NOTE | |
r-devel-linux-x86_64-debian-gcc | 0.7.4 | 1745.62 | 263.66 | 2009.28 | NOTE | |
r-devel-linux-x86_64-fedora-clang | 0.7.4 | 2488.60 | NOTE | |||
r-devel-linux-x86_64-fedora-gcc | 0.7.4 | 3766.45 | NOTE | |||
r-devel-windows-x86_64 | 0.7.4 | 1365.00 | 296.00 | 1661.00 | NOTE | |
r-patched-linux-x86_64 | 0.7.4 | 1491.28 | 347.94 | 1839.22 | NOTE | |
r-release-linux-x86_64 | 0.7.4 | 0.44 | 2.18 | 2.62 | ERROR | |
r-release-macos-arm64 | 0.7.4 | 586.00 | NOTE | |||
r-release-macos-x86_64 | 0.7.4 | 528.00 | NOTE | |||
r-release-windows-x86_64 | 0.7.4 | 1167.00 | 274.00 | 1441.00 | NOTE | |
r-oldrel-macos-arm64 | 0.7.4 | 598.00 | NOTE | |||
r-oldrel-macos-x86_64 | 0.7.4 | 514.00 | NOTE | |||
r-oldrel-windows-x86_64 | 0.7.4 | 1552.00 | 349.00 | 1901.00 | NOTE |
Version: 0.7.4
Check: package dependencies
Result: NOTE
Package suggested but not available for checking: ‘cmdstanr’
Flavors: r-devel-linux-x86_64-debian-clang, r-devel-linux-x86_64-debian-gcc, r-devel-linux-x86_64-fedora-clang, r-devel-linux-x86_64-fedora-gcc, r-devel-windows-x86_64, r-patched-linux-x86_64, r-release-macos-arm64, r-release-macos-x86_64, r-release-windows-x86_64, r-oldrel-macos-arm64, r-oldrel-macos-x86_64, r-oldrel-windows-x86_64
Version: 0.7.4
Check: for GNU extensions in Makefiles
Result: NOTE
GNU make is a SystemRequirements.
Flavors: r-devel-linux-x86_64-debian-clang, r-devel-linux-x86_64-debian-gcc, r-devel-linux-x86_64-fedora-clang, r-devel-linux-x86_64-fedora-gcc, r-devel-windows-x86_64, r-patched-linux-x86_64, r-release-macos-arm64, r-release-macos-x86_64, r-release-windows-x86_64, r-oldrel-macos-arm64, r-oldrel-macos-x86_64, r-oldrel-windows-x86_64
Version: 0.7.4
Check: installed package size
Result: NOTE
installed size is 16.4Mb
sub-directories of 1Mb or more:
data 1.5Mb
libs 13.9Mb
Flavors: r-devel-linux-x86_64-fedora-clang, r-devel-windows-x86_64, r-release-macos-arm64, r-release-macos-x86_64, r-release-windows-x86_64, r-oldrel-macos-arm64, r-oldrel-macos-x86_64, r-oldrel-windows-x86_64
Version: 0.7.4
Check: Rd cross-references
Result: NOTE
Undeclared package ‘glmmrBase’ in Rd xrefs
Flavor: r-devel-linux-x86_64-fedora-clang
Version: 0.7.4
Check: package dependencies
Result: ERROR
Package required but not available: ‘glmmrBase’
Package suggested but not available for checking: ‘cmdstanr’
See section ‘The DESCRIPTION file’ in the ‘Writing R Extensions’
manual.
Flavor: r-release-linux-x86_64