Last updated on 2025-10-31 01:49:12 CET.
| Flavor | Version | Tinstall | Tcheck | Ttotal | Status | Flags | 
|---|---|---|---|---|---|---|
| r-devel-linux-x86_64-debian-clang | 0.2 | 13.55 | 23.00 | 36.55 | OK | |
| r-devel-linux-x86_64-debian-gcc | 0.2 | 8.11 | 19.34 | 27.45 | OK | |
| r-devel-linux-x86_64-fedora-clang | 0.2 | 26.00 | 35.12 | 61.12 | NOTE | |
| r-devel-linux-x86_64-fedora-gcc | 0.2 | 24.00 | 32.18 | 56.18 | NOTE | |
| r-devel-windows-x86_64 | 0.2 | 15.00 | 54.00 | 69.00 | OK | |
| r-patched-linux-x86_64 | 0.2 | 12.70 | 21.84 | 34.54 | OK | |
| r-release-linux-x86_64 | 0.2 | 12.35 | 21.72 | 34.07 | OK | |
| r-release-macos-arm64 | 0.2 | 6.00 | 15.00 | 21.00 | OK | |
| r-release-macos-x86_64 | 0.2 | 7.00 | 24.00 | 31.00 | OK | |
| r-release-windows-x86_64 | 0.2 | 16.00 | 61.00 | 77.00 | OK | |
| r-oldrel-macos-arm64 | 0.2 | 7.00 | 15.00 | 22.00 | NOTE | |
| r-oldrel-macos-x86_64 | 0.2 | 8.00 | 21.00 | 29.00 | NOTE | |
| r-oldrel-windows-x86_64 | 0.2 | 15.00 | 73.00 | 88.00 | NOTE | 
Version: 0.2
Check: compiled code
Result: NOTE
  File ‘rwfec/libs/rwfec.so’:
    Found no calls to: ‘R_registerRoutines’, ‘R_useDynamicSymbols’
  
  It is good practice to register native routines and to disable symbol
  search.
  
  See ‘Writing portable packages’ in the ‘Writing R Extensions’ manual.
Flavors: r-devel-linux-x86_64-fedora-clang, r-devel-linux-x86_64-fedora-gcc
Version: 0.2
Check: LazyData
Result: NOTE
    'LazyData' is specified without a 'data' directory
Flavors: r-oldrel-macos-arm64, r-oldrel-macos-x86_64, r-oldrel-windows-x86_64