Last updated on 2025-11-16 01:49:29 CET.
| Flavor | Version | Tinstall | Tcheck | Ttotal | Status | Flags |
|---|---|---|---|---|---|---|
| r-devel-linux-x86_64-debian-clang | 1.1.0 | 1.89 | 23.13 | 25.02 | NOTE | |
| r-devel-linux-x86_64-debian-gcc | 1.1.0 | 1.38 | 19.43 | 20.81 | NOTE | |
| r-devel-linux-x86_64-fedora-clang | 1.1.0 | 35.41 | NOTE | |||
| r-devel-linux-x86_64-fedora-gcc | 1.1.0 | 37.06 | NOTE | |||
| r-devel-windows-x86_64 | 1.1.0 | 5.00 | 42.00 | 47.00 | NOTE | |
| r-patched-linux-x86_64 | 1.1.0 | 1.80 | 20.81 | 22.61 | NOTE | |
| r-release-linux-x86_64 | 1.1.0 | 1.72 | 20.96 | 22.68 | NOTE | |
| r-release-macos-arm64 | 1.1.0 | 1.00 | 15.00 | 16.00 | NOTE | |
| r-release-macos-x86_64 | 1.1.0 | 2.00 | 23.00 | 25.00 | NOTE | |
| r-release-windows-x86_64 | 1.1.0 | 3.00 | 42.00 | 45.00 | NOTE | |
| r-oldrel-macos-arm64 | 1.1.0 | 1.00 | 16.00 | 17.00 | OK | |
| r-oldrel-macos-x86_64 | 1.1.0 | 2.00 | 27.00 | 29.00 | OK | |
| r-oldrel-windows-x86_64 | 1.1.0 | 5.00 | 47.00 | 52.00 | OK |
Version: 1.1.0
Check: DESCRIPTION meta-information
Result: NOTE
Missing dependency on R >= 4.1.0 because package code uses the pipe
|> or function shorthand \(...) syntax added in R 4.1.0.
File(s) using such syntax:
‘s3_check_for_file.R’ ‘s3_file_size.R’ ‘s3_get.Rd’ ‘s3_get_files.R’
‘s3_parse_uri.R’
Flavors: r-devel-linux-x86_64-debian-clang, r-devel-linux-x86_64-debian-gcc, r-devel-linux-x86_64-fedora-clang, r-devel-linux-x86_64-fedora-gcc, r-devel-windows-x86_64, r-patched-linux-x86_64, r-release-linux-x86_64, r-release-macos-arm64, r-release-macos-x86_64, r-release-windows-x86_64