Last updated on 2024-05-21 02:02:19 CEST.
Flavor | Version | Tinstall | Tcheck | Ttotal | Status | Flags |
---|---|---|---|---|---|---|
r-devel-linux-x86_64-debian-clang | 1.2 | 61.96 | 73.72 | 135.68 | NOTE | |
r-devel-linux-x86_64-debian-gcc | 1.2 | 47.72 | 54.68 | 102.40 | NOTE | |
r-devel-linux-x86_64-fedora-clang | 1.2 | 175.73 | NOTE | |||
r-devel-linux-x86_64-fedora-gcc | 1.2 | 181.43 | NOTE | |||
r-devel-windows-x86_64 | 1.2 | 47.00 | 90.00 | 137.00 | NOTE | |
r-patched-linux-x86_64 | 1.2 | 56.81 | 70.29 | 127.10 | NOTE | |
r-release-linux-x86_64 | 1.2 | 61.77 | 70.12 | 131.89 | NOTE | |
r-release-macos-arm64 | 1.2 | 47.00 | NOTE | |||
r-release-windows-x86_64 | 1.2 | 46.00 | 88.00 | 134.00 | NOTE | |
r-oldrel-macos-arm64 | 1.2 | 55.00 | NOTE | |||
r-oldrel-macos-x86_64 | 1.2 | 87.00 | NOTE | |||
r-oldrel-windows-x86_64 | 1.2 | 57.00 | 112.00 | 169.00 | NOTE |
Version: 1.2
Check: C++ specification
Result: NOTE
Specified C++11: please drop specification unless essential
Flavors: r-devel-linux-x86_64-debian-clang, r-devel-linux-x86_64-debian-gcc, r-devel-linux-x86_64-fedora-clang, r-devel-linux-x86_64-fedora-gcc, r-devel-windows-x86_64, r-patched-linux-x86_64, r-release-linux-x86_64, r-release-macos-arm64, r-release-windows-x86_64, r-oldrel-macos-arm64, r-oldrel-macos-x86_64, r-oldrel-windows-x86_64
Version: 1.2
Check: installed package size
Result: NOTE
installed size is 6.7Mb
sub-directories of 1Mb or more:
libs 6.4Mb
Flavors: r-release-macos-arm64, r-oldrel-macos-arm64, r-oldrel-macos-x86_64