Last updated on 2025-11-19 01:49:02 CET.
| Flavor | Version | Tinstall | Tcheck | Ttotal | Status | Flags |
|---|---|---|---|---|---|---|
| r-devel-linux-x86_64-debian-clang | 0.6.16 | 176.00 | 327.79 | 503.79 | OK | |
| r-devel-linux-x86_64-debian-gcc | 0.6.16 | 119.59 | 308.07 | 427.66 | OK | |
| r-devel-linux-x86_64-fedora-clang | 0.6.16 | 471.00 | 348.88 | 819.88 | OK | |
| r-devel-linux-x86_64-fedora-gcc | 0.6.16 | 356.00 | 379.10 | 735.10 | OK | |
| r-devel-windows-x86_64 | 0.6.16 | 27.00 | 76.00 | 103.00 | OK | |
| r-patched-linux-x86_64 | 0.6.16 | 183.43 | 336.37 | 519.80 | OK | |
| r-release-linux-x86_64 | 0.6.16 | 181.47 | 333.68 | 515.15 | OK | |
| r-release-macos-arm64 | 0.6.16 | 75.00 | 268.00 | 343.00 | OK | |
| r-release-macos-x86_64 | 0.6.16 | 41.00 | 343.00 | 384.00 | OK | |
| r-release-windows-x86_64 | 0.6.16 | 16.00 | 75.00 | 91.00 | OK | |
| r-oldrel-macos-arm64 | 0.6.16 | 67.00 | 286.00 | 353.00 | NOTE | |
| r-oldrel-macos-x86_64 | 0.6.16 | 54.00 | 375.00 | 429.00 | NOTE | |
| r-oldrel-windows-x86_64 | 0.6.16 | 19.00 | 473.00 | 492.00 | NOTE |
Version: 0.6.16
Check: installed package size
Result: NOTE
installed size is 5.3Mb
sub-directories of 1Mb or more:
bin 4.5Mb
Flavors: r-oldrel-macos-arm64, r-oldrel-macos-x86_64, r-oldrel-windows-x86_64