Last updated on 2024-04-27 01:52:27 CEST.
Flavor | Version | Tinstall | Tcheck | Ttotal | Status | Flags |
---|---|---|---|---|---|---|
r-devel-linux-x86_64-debian-clang | 0.0.2 | 2.57 | 122.44 | 125.01 | NOTE | |
r-devel-linux-x86_64-debian-gcc | 0.0.2 | 2.20 | 82.05 | 84.25 | NOTE | |
r-devel-linux-x86_64-fedora-clang | 0.0.2 | 152.57 | NOTE | |||
r-devel-linux-x86_64-fedora-gcc | 0.0.2 | 160.77 | NOTE | |||
r-devel-windows-x86_64 | 0.0.2 | 3.00 | 110.00 | 113.00 | NOTE | |
r-patched-linux-x86_64 | 0.0.2 | 3.20 | 118.01 | 121.21 | NOTE | |
r-release-linux-x86_64 | 0.0.2 | 2.55 | 115.58 | 118.13 | NOTE | |
r-release-macos-arm64 | 0.0.2 | 53.00 | NOTE | |||
r-release-windows-x86_64 | 0.0.2 | 3.00 | 110.00 | 113.00 | NOTE | |
r-oldrel-macos-arm64 | 0.0.2 | 55.00 | NOTE | |||
r-oldrel-macos-x86_64 | 0.0.2 | 101.00 | NOTE | |||
r-oldrel-windows-x86_64 | 0.0.2 | 3.00 | 115.00 | 118.00 | NOTE |
Version: 0.0.2
Check: LazyData
Result: NOTE
'LazyData' is specified without a 'data' directory
Flavors: r-devel-linux-x86_64-debian-clang, r-devel-linux-x86_64-debian-gcc, r-devel-linux-x86_64-fedora-clang, r-devel-linux-x86_64-fedora-gcc, r-devel-windows-x86_64, r-patched-linux-x86_64, r-release-linux-x86_64, r-release-macos-arm64, r-release-windows-x86_64, r-oldrel-macos-arm64, r-oldrel-macos-x86_64, r-oldrel-windows-x86_64