CRAN Package Check Results for Package scoring

Last updated on 2025-11-16 01:49:29 CET.

Flavor Version Tinstall Tcheck Ttotal Status Flags
r-devel-linux-x86_64-debian-clang 0.6 2.67 33.41 36.08 NOTE
r-devel-linux-x86_64-debian-gcc 0.6 2.03 26.33 28.36 NOTE
r-devel-linux-x86_64-fedora-clang 0.6 55.61 OK
r-devel-linux-x86_64-fedora-gcc 0.6 53.45 OK
r-devel-windows-x86_64 0.6 6.00 54.00 60.00 OK
r-patched-linux-x86_64 0.6 2.93 31.58 34.51 OK
r-release-linux-x86_64 0.6 2.75 31.94 34.69 OK
r-release-macos-arm64 0.6 2.00 26.00 28.00 OK
r-release-macos-x86_64 0.6 2.00 41.00 43.00 OK
r-release-windows-x86_64 0.6 5.00 54.00 59.00 OK
r-oldrel-macos-arm64 0.6 1.00 18.00 19.00 OK
r-oldrel-macos-x86_64 0.6 2.00 37.00 39.00 OK
r-oldrel-windows-x86_64 0.6 3.00 60.00 63.00 OK

Check Details

Version: 0.6
Check: CRAN incoming feasibility
Result: NOTE Maintainer: ‘Ed Merkle <merklee@missouri.edu>’ No Authors@R field in DESCRIPTION. Please add one, modifying Authors@R: person(given = "Ed", family = "Merkle", role = c("aut", "cre"), email = "merklee@missouri.edu") as necessary. Package CITATION file contains call(s) to old-style personList() or as.personList(). Please use c() on person objects instead. Package CITATION file contains call(s) to old-style citEntry(). Please use bibentry() instead. Flavors: r-devel-linux-x86_64-debian-clang, r-devel-linux-x86_64-debian-gcc