CRAN Package Check Results for Package seismic

Last updated on 2025-11-15 03:50:28 CET.

Flavor Version Tinstall Tcheck Ttotal Status Flags
r-devel-linux-x86_64-debian-clang 1.1 1.90 22.20 24.10 NOTE
r-devel-linux-x86_64-debian-gcc 1.1 1.47 18.02 19.49 NOTE
r-devel-linux-x86_64-fedora-clang 1.1 34.67 OK
r-devel-linux-x86_64-fedora-gcc 1.1 33.83 OK
r-devel-windows-x86_64 1.1 3.00 38.00 41.00 OK
r-patched-linux-x86_64 1.1 1.89 21.28 23.17 OK
r-release-linux-x86_64 1.1 1.70 21.49 23.19 OK
r-release-macos-arm64 1.1 1.00 18.00 19.00 OK
r-release-macos-x86_64 1.1 2.00 23.00 25.00 OK
r-release-windows-x86_64 1.1 3.00 39.00 42.00 OK
r-oldrel-macos-arm64 1.1 1.00 15.00 16.00 OK
r-oldrel-macos-x86_64 1.1 2.00 20.00 22.00 OK
r-oldrel-windows-x86_64 1.1 2.00 41.00 43.00 OK

Check Details

Version: 1.1
Check: CRAN incoming feasibility
Result: NOTE Maintainer: ‘Qingyuan Zhao <qingyzhao@gmail.com>’ No Authors@R field in DESCRIPTION. Please add one, modifying Authors@R: c(person(given = "Hera", family = "He", role = "aut"), person(given = "Murat", family = "Erdogdu", role = "aut"), person(given = "Qingyuan", family = "Zhao", role = c("aut", "cre"), email = "qingyzhao@gmail.com")) as necessary. Flavors: r-devel-linux-x86_64-debian-clang, r-devel-linux-x86_64-debian-gcc