CRAN Package Check Results for Package serieslcb

Last updated on 2025-11-22 02:53:32 CET.

Flavor Version Tinstall Tcheck Ttotal Status Flags
r-devel-linux-x86_64-debian-clang 0.4.0 4.22 36.71 40.93 NOTE
r-devel-linux-x86_64-debian-gcc 0.4.0 3.12 28.65 31.77 NOTE
r-devel-linux-x86_64-fedora-clang 0.4.0 61.58 OK
r-devel-linux-x86_64-fedora-gcc 0.4.0 57.68 OK
r-devel-windows-x86_64 0.4.0 8.00 55.00 63.00 OK
r-patched-linux-x86_64 0.4.0 4.08 34.42 38.50 OK
r-release-linux-x86_64 0.4.0 3.71 34.39 38.10 OK
r-release-macos-arm64 0.4.0 OK
r-release-macos-x86_64 0.4.0 3.00 54.00 57.00 OK
r-release-windows-x86_64 0.4.0 7.00 55.00 62.00 OK
r-oldrel-macos-arm64 0.4.0 NOTE
r-oldrel-macos-x86_64 0.4.0 3.00 27.00 30.00 NOTE
r-oldrel-windows-x86_64 0.4.0 8.00 64.00 72.00 NOTE

Check Details

Version: 0.4.0
Check: CRAN incoming feasibility
Result: NOTE Maintainer: ‘Edward Schuberg <eschu003@ucr.edu>’ No Authors@R field in DESCRIPTION. Please add one, modifying Authors@R: person(given = "Edward", family = "Schuberg", role = c("aut", "cre"), email = "eschu003@ucr.edu") as necessary. Flavors: r-devel-linux-x86_64-debian-clang, r-devel-linux-x86_64-debian-gcc

Version: 0.4.0
Check: LazyData
Result: NOTE 'LazyData' is specified without a 'data' directory Flavors: r-oldrel-macos-arm64, r-oldrel-macos-x86_64, r-oldrel-windows-x86_64