Last updated on 2025-11-15 03:50:28 CET.
| Flavor | Version | Tinstall | Tcheck | Ttotal | Status | Flags |
|---|---|---|---|---|---|---|
| r-devel-linux-x86_64-debian-clang | 1.0.3 | 740.57 | 205.75 | 946.32 | OK | |
| r-devel-linux-x86_64-debian-gcc | 1.0.3 | 700.61 | 206.13 | 906.74 | OK | |
| r-devel-linux-x86_64-fedora-clang | 1.0.3 | 476.00 | 974.10 | 1450.10 | OK | |
| r-devel-linux-x86_64-fedora-gcc | 1.0.3 | 600.00 | 1473.32 | 2073.32 | OK | |
| r-devel-windows-x86_64 | 1.0.3 | 869.00 | 274.00 | 1143.00 | OK | |
| r-patched-linux-x86_64 | 1.0.3 | 921.65 | 275.33 | 1196.98 | OK | |
| r-release-linux-x86_64 | 1.0.3 | 926.42 | 276.60 | 1203.02 | OK | |
| r-release-macos-arm64 | 1.0.3 | 378.00 | 125.00 | 503.00 | OK | |
| r-release-macos-x86_64 | 1.0.3 | 231.00 | 115.00 | 346.00 | OK | |
| r-release-windows-x86_64 | 1.0.3 | 851.00 | 283.00 | 1134.00 | OK | |
| r-oldrel-macos-arm64 | 1.0.3 | 217.00 | 72.00 | 289.00 | NOTE | |
| r-oldrel-macos-x86_64 | 1.0.3 | 230.00 | 121.00 | 351.00 | NOTE | |
| r-oldrel-windows-x86_64 | 1.0.3 | 981.00 | 354.00 | 1335.00 | NOTE |
Version: 1.0.3
Check: installed package size
Result: NOTE
installed size is 107.7Mb
sub-directories of 1Mb or more:
libs 106.4Mb
Flavors: r-oldrel-macos-arm64, r-oldrel-macos-x86_64, r-oldrel-windows-x86_64
Version: 1.0.3
Check: for GNU extensions in Makefiles
Result: NOTE
GNU make is a SystemRequirements.
Flavors: r-oldrel-macos-arm64, r-oldrel-macos-x86_64, r-oldrel-windows-x86_64