Last updated on 2025-11-15 02:53:15 CET.
| Flavor | Version | Tinstall | Tcheck | Ttotal | Status | Flags |
|---|---|---|---|---|---|---|
| r-devel-linux-x86_64-debian-clang | 2.4 | 10.89 | 112.57 | 123.46 | OK | |
| r-devel-linux-x86_64-debian-gcc | 2.4 | 7.44 | 76.71 | 84.15 | OK | |
| r-devel-linux-x86_64-fedora-clang | 2.4 | 53.00 | 144.21 | 197.21 | OK | |
| r-devel-linux-x86_64-fedora-gcc | 2.4 | 26.00 | 170.23 | 196.23 | OK | |
| r-devel-windows-x86_64 | 2.4 | 16.00 | 118.00 | 134.00 | OK | |
| r-patched-linux-x86_64 | 2.4 | 10.33 | 103.32 | 113.65 | OK | |
| r-release-linux-x86_64 | 2.4 | 10.19 | 102.88 | 113.07 | OK | |
| r-release-macos-arm64 | 2.4 | 10.00 | 143.00 | 153.00 | OK | |
| r-release-macos-x86_64 | 2.4 | 18.00 | 185.00 | 203.00 | OK | |
| r-release-windows-x86_64 | 2.4 | 13.00 | 123.00 | 136.00 | OK | |
| r-oldrel-macos-arm64 | 2.4 | 5.00 | 87.00 | 92.00 | NOTE | |
| r-oldrel-macos-x86_64 | 2.4 | 18.00 | 153.00 | 171.00 | NOTE | |
| r-oldrel-windows-x86_64 | 2.4 | 20.00 | 152.00 | 172.00 | NOTE |
Version: 2.4
Check: package dependencies
Result: NOTE
Package suggested but not available for checking: ‘hydromad’
Flavors: r-oldrel-macos-arm64, r-oldrel-macos-x86_64, r-oldrel-windows-x86_64