Last updated on 2024-05-21 02:02:20 CEST.
Flavor | Version | Tinstall | Tcheck | Ttotal | Status | Flags |
---|---|---|---|---|---|---|
r-devel-linux-x86_64-debian-clang | 0.1 | 10.99 | 91.66 | 102.65 | NOTE | |
r-devel-linux-x86_64-debian-gcc | 0.1 | 8.52 | 70.72 | 79.24 | NOTE | |
r-devel-linux-x86_64-fedora-clang | 0.1 | 132.69 | NOTE | |||
r-devel-linux-x86_64-fedora-gcc | 0.1 | 125.70 | NOTE | |||
r-devel-windows-x86_64 | 0.1 | 11.00 | 83.00 | 94.00 | NOTE | |
r-patched-linux-x86_64 | 0.1 | 7.98 | 90.05 | 98.03 | NOTE | |
r-release-linux-x86_64 | 0.1 | 7.05 | 90.53 | 97.58 | NOTE | |
r-release-macos-arm64 | 0.1 | 38.00 | NOTE | |||
r-release-windows-x86_64 | 0.1 | 12.00 | 81.00 | 93.00 | NOTE | |
r-oldrel-macos-arm64 | 0.1 | 42.00 | NOTE | |||
r-oldrel-macos-x86_64 | 0.1 | 69.00 | NOTE | |||
r-oldrel-windows-x86_64 | 0.1 | 13.00 | 144.00 | 157.00 | NOTE |
Version: 0.1
Check: LazyData
Result: NOTE
'LazyData' is specified without a 'data' directory
Flavors: r-devel-linux-x86_64-debian-clang, r-devel-linux-x86_64-debian-gcc, r-devel-linux-x86_64-fedora-clang, r-devel-linux-x86_64-fedora-gcc, r-devel-windows-x86_64, r-patched-linux-x86_64, r-release-linux-x86_64, r-release-macos-arm64, r-release-windows-x86_64, r-oldrel-macos-arm64, r-oldrel-macos-x86_64, r-oldrel-windows-x86_64