Last updated on 2025-11-15 02:53:15 CET.
| Flavor | Version | Tinstall | Tcheck | Ttotal | Status | Flags |
|---|---|---|---|---|---|---|
| r-devel-linux-x86_64-debian-clang | 0.2.0 | 6.81 | 61.77 | 68.58 | OK | |
| r-devel-linux-x86_64-debian-gcc | 0.2.0 | 4.75 | 45.72 | 50.47 | OK | |
| r-devel-linux-x86_64-fedora-clang | 0.2.0 | 16.00 | 92.27 | 108.27 | NOTE | |
| r-devel-linux-x86_64-fedora-gcc | 0.2.0 | 33.00 | 89.70 | 122.70 | NOTE | |
| r-devel-windows-x86_64 | 0.2.0 | 13.00 | 81.00 | 94.00 | OK | |
| r-patched-linux-x86_64 | 0.2.0 | 6.76 | 58.58 | 65.34 | OK | |
| r-release-linux-x86_64 | 0.2.0 | 6.73 | 58.29 | 65.02 | OK | |
| r-release-macos-arm64 | 0.2.0 | 4.00 | 42.00 | 46.00 | OK | |
| r-release-macos-x86_64 | 0.2.0 | 6.00 | 63.00 | 69.00 | OK | |
| r-release-windows-x86_64 | 0.2.0 | 10.00 | 83.00 | 93.00 | OK | |
| r-oldrel-macos-arm64 | 0.2.0 | 3.00 | 36.00 | 39.00 | NOTE | |
| r-oldrel-macos-x86_64 | 0.2.0 | 5.00 | 53.00 | 58.00 | NOTE | |
| r-oldrel-windows-x86_64 | 0.2.0 | 12.00 | 95.00 | 107.00 | NOTE |
Version: 0.2.0
Check: dependencies in R code
Result: NOTE
Namespace in Imports field not imported from: ‘purrr’
All declared Imports should be used.
Flavors: r-devel-linux-x86_64-fedora-clang, r-devel-linux-x86_64-fedora-gcc
Version: 0.2.0
Check: LazyData
Result: NOTE
'LazyData' is specified without a 'data' directory
Flavors: r-oldrel-macos-arm64, r-oldrel-macos-x86_64, r-oldrel-windows-x86_64