CRAN Package Check Results for Package shinyreforms

Last updated on 2025-05-01 01:49:46 CEST.

Flavor Version Tinstall Tcheck Ttotal Status Flags
r-devel-linux-x86_64-debian-clang 0.0.1 4.67 37.83 42.50 NOTE
r-devel-linux-x86_64-debian-gcc 0.0.1 3.13 29.20 32.33 NOTE
r-devel-linux-x86_64-fedora-clang 0.0.1 68.38 NOTE
r-devel-linux-x86_64-fedora-gcc 0.0.1 76.69 NOTE
r-devel-windows-x86_64 0.0.1 7.00 61.00 68.00 NOTE
r-patched-linux-x86_64 0.0.1 4.50 35.43 39.93 NOTE
r-release-linux-x86_64 0.0.1 4.56 35.42 39.98 NOTE
r-release-macos-arm64 0.0.1 46.00 NOTE
r-release-macos-x86_64 0.0.1 54.00 NOTE
r-release-windows-x86_64 0.0.1 7.00 69.00 76.00 NOTE
r-oldrel-macos-arm64 0.0.1 28.00 NOTE
r-oldrel-macos-x86_64 0.0.1 43.00 NOTE
r-oldrel-windows-x86_64 0.0.1 7.00 64.00 71.00 NOTE

Check Details

Version: 0.0.1
Check: CRAN incoming feasibility
Result: NOTE Maintainer: ‘Piotr Bajger <piotr.bajger@hotmail.com>’ No Authors@R field in DESCRIPTION. Please add one, modifying Authors@R: person(given = "Piotr", family = "Bajger", role = c("aut", "cre"), email = "piotr.bajger@hotmail.com") as necessary. The BugReports field in DESCRIPTION has https://github.com/piotrbajger/shinyreforms which should likely be https://github.com/piotrbajger/shinyreforms/issues instead. Flavors: r-devel-linux-x86_64-debian-clang, r-devel-linux-x86_64-debian-gcc

Version: 0.0.1
Check: Rd files
Result: NOTE checkRd: (-1) addValidationSuffix.Rd:13: Lost braces; missing escapes or markup? 13 | A string `"{tagId}-shinyreforms-validation"`. | ^ Flavors: r-devel-linux-x86_64-debian-clang, r-devel-linux-x86_64-debian-gcc, r-devel-linux-x86_64-fedora-clang, r-devel-linux-x86_64-fedora-gcc, r-devel-windows-x86_64, r-patched-linux-x86_64, r-release-linux-x86_64, r-release-macos-arm64, r-release-macos-x86_64, r-release-windows-x86_64, r-oldrel-macos-arm64, r-oldrel-macos-x86_64, r-oldrel-windows-x86_64

Version: 0.0.1
Check: LazyData
Result: NOTE 'LazyData' is specified without a 'data' directory Flavors: r-oldrel-macos-arm64, r-oldrel-macos-x86_64, r-oldrel-windows-x86_64