Last updated on 2024-05-04 01:48:59 CEST.
Flavor | Version | Tinstall | Tcheck | Ttotal | Status | Flags |
---|---|---|---|---|---|---|
r-devel-linux-x86_64-debian-clang | 0.4.2 | 2.64 | 61.06 | 63.70 | NOTE | |
r-devel-linux-x86_64-fedora-clang | 0.4.2 | 80.45 | NOTE | |||
r-devel-linux-x86_64-fedora-gcc | 0.4.2 | 91.52 | NOTE | |||
r-devel-windows-x86_64 | 0.4.2 | 4.00 | 81.00 | 85.00 | NOTE | |
r-patched-linux-x86_64 | 0.4.2 | 2.60 | 58.35 | 60.95 | NOTE | |
r-release-linux-x86_64 | 0.4.2 | 2.53 | 58.62 | 61.15 | NOTE | |
r-release-macos-arm64 | 0.4.2 | 48.00 | NOTE | |||
r-release-windows-x86_64 | 0.4.2 | 3.00 | 80.00 | 83.00 | NOTE | |
r-oldrel-macos-arm64 | 0.4.2 | 53.00 | NOTE | |||
r-oldrel-macos-x86_64 | 0.4.2 | 68.00 | NOTE | |||
r-oldrel-windows-x86_64 | 0.4.2 | 3.00 | 86.00 | 89.00 | NOTE |
Version: 0.4.2
Check: package subdirectories
Result: NOTE
Problems with news in ‘NEWS.md’:
Cannot extract version info from the following section titles:
simpleCache [0.0.1]
Flavors: r-devel-linux-x86_64-debian-clang, r-devel-linux-x86_64-fedora-clang, r-devel-linux-x86_64-fedora-gcc, r-devel-windows-x86_64, r-patched-linux-x86_64, r-release-linux-x86_64, r-release-macos-arm64, r-release-windows-x86_64, r-oldrel-macos-arm64, r-oldrel-macos-x86_64, r-oldrel-windows-x86_64