Last updated on 2025-11-16 01:49:31 CET.
| Flavor | Version | Tinstall | Tcheck | Ttotal | Status | Flags |
|---|---|---|---|---|---|---|
| r-devel-linux-x86_64-debian-clang | 3.10.1 | 3.31 | 169.02 | 172.33 | OK | |
| r-devel-linux-x86_64-debian-gcc | 3.10.1 | 2.24 | 114.84 | 117.08 | OK | |
| r-devel-linux-x86_64-fedora-clang | 3.10.1 | 261.46 | NOTE | |||
| r-devel-linux-x86_64-fedora-gcc | 3.10.1 | 271.03 | NOTE | |||
| r-devel-windows-x86_64 | 3.10.1 | 9.00 | 243.00 | 252.00 | OK | |
| r-patched-linux-x86_64 | 3.10.1 | 3.26 | 0.02 | 3.28 | FAIL | |
| r-release-linux-x86_64 | 3.10.1 | 3.35 | 161.97 | 165.32 | OK | |
| r-release-macos-arm64 | 3.10.1 | 2.00 | 114.00 | 116.00 | OK | |
| r-release-macos-x86_64 | 3.10.1 | 4.00 | 210.00 | 214.00 | OK | |
| r-release-windows-x86_64 | 3.10.1 | 6.00 | 242.00 | 248.00 | OK | |
| r-oldrel-macos-arm64 | 3.10.1 | 2.00 | 110.00 | 112.00 | OK | |
| r-oldrel-macos-x86_64 | 3.10.1 | 4.00 | 156.00 | 160.00 | OK | |
| r-oldrel-windows-x86_64 | 3.10.1 | 6.00 | 295.00 | 301.00 | OK |
Version: 3.10.1
Check: dependencies in R code
Result: NOTE
Namespace in Imports field not imported from: ‘backports’
All declared Imports should be used.
Flavors: r-devel-linux-x86_64-fedora-clang, r-devel-linux-x86_64-fedora-gcc
Version: 3.10.1
Check: tests
Result: FAIL
Flavor: r-patched-linux-x86_64