Last updated on 2025-10-31 01:49:14 CET.
| Flavor | Version | Tinstall | Tcheck | Ttotal | Status | Flags | 
|---|---|---|---|---|---|---|
| r-devel-linux-x86_64-debian-clang | 1.0 | 10.90 | 27.84 | 38.74 | NOTE | |
| r-devel-linux-x86_64-debian-gcc | 1.0 | 8.33 | 21.85 | 30.18 | NOTE | |
| r-devel-linux-x86_64-fedora-clang | 1.0 | 18.00 | 45.56 | 63.56 | OK | |
| r-devel-linux-x86_64-fedora-gcc | 1.0 | 26.00 | 34.71 | 60.71 | OK | |
| r-devel-windows-x86_64 | 1.0 | 14.00 | 65.00 | 79.00 | OK | |
| r-patched-linux-x86_64 | 1.0 | 11.78 | 26.58 | 38.36 | OK | |
| r-release-linux-x86_64 | 1.0 | 11.72 | 26.37 | 38.09 | OK | |
| r-release-macos-arm64 | 1.0 | 5.00 | 17.00 | 22.00 | OK | |
| r-release-macos-x86_64 | 1.0 | 8.00 | 29.00 | 37.00 | OK | |
| r-release-windows-x86_64 | 1.0 | 15.00 | 63.00 | 78.00 | OK | |
| r-oldrel-macos-arm64 | 1.0 | 6.00 | 16.00 | 22.00 | OK | |
| r-oldrel-macos-x86_64 | 1.0 | 8.00 | 24.00 | 32.00 | OK | |
| r-oldrel-windows-x86_64 | 1.0 | 14.00 | 75.00 | 89.00 | OK | 
Version: 1.0
Check: CRAN incoming feasibility
Result: NOTE
  Maintainer: ‘Tom Pike <tpike@lincoln.ac.uk>’
  
  No Authors@R field in DESCRIPTION.
  Please add one, modifying
    Authors@R: person(given = "Tom",
                      family = "Pike",
                      role = c("aut", "cre"),
                      email = "tpike@lincoln.ac.uk")
  as necessary.
Flavors: r-devel-linux-x86_64-debian-clang, r-devel-linux-x86_64-debian-gcc