Last updated on 2025-11-15 03:50:30 CET.
| Flavor | Version | Tinstall | Tcheck | Ttotal | Status | Flags |
|---|---|---|---|---|---|---|
| r-devel-linux-x86_64-debian-clang | 1.1.9 | 393.83 | 80.14 | 473.97 | OK | |
| r-devel-linux-x86_64-debian-gcc | 1.1.9 | 267.19 | 52.45 | 319.64 | OK | |
| r-devel-linux-x86_64-fedora-clang | 1.1.9 | 485.00 | 340.32 | 825.32 | OK | |
| r-devel-linux-x86_64-fedora-gcc | 1.1.9 | 491.00 | 367.40 | 858.40 | OK | |
| r-devel-windows-x86_64 | 1.1.9 | 418.00 | 132.00 | 550.00 | OK | |
| r-patched-linux-x86_64 | 1.1.9 | 392.88 | 73.32 | 466.20 | OK | |
| r-release-linux-x86_64 | 1.1.9 | 393.29 | 74.81 | 468.10 | OK | |
| r-release-macos-arm64 | 1.1.9 | 126.00 | 35.00 | 161.00 | OK | |
| r-release-macos-x86_64 | 1.1.9 | 114.00 | 64.00 | 178.00 | OK | |
| r-release-windows-x86_64 | 1.1.9 | 418.00 | 133.00 | 551.00 | OK | |
| r-oldrel-macos-arm64 | 1.1.9 | 119.00 | 37.00 | 156.00 | NOTE | |
| r-oldrel-macos-x86_64 | 1.1.9 | 120.00 | 69.00 | 189.00 | NOTE | |
| r-oldrel-windows-x86_64 | 1.1.9 | 483.00 | 157.00 | 640.00 | OK |
Version: 1.1.9
Check: installed package size
Result: NOTE
installed size is 25.4Mb
sub-directories of 1Mb or more:
libs 24.6Mb
Flavors: r-oldrel-macos-arm64, r-oldrel-macos-x86_64