CRAN Package Check Results for Package spFW

Last updated on 2025-11-15 02:53:16 CET.

Flavor Version Tinstall Tcheck Ttotal Status Flags
r-devel-linux-x86_64-debian-clang 0.1.0 45.36 49.69 95.05 WARN
r-devel-linux-x86_64-debian-gcc 0.1.0 24.68 34.26 58.94 WARN
r-devel-linux-x86_64-fedora-clang 0.1.0 102.00 73.88 175.88 NOTE
r-devel-linux-x86_64-fedora-gcc 0.1.0 80.00 65.51 145.51 NOTE
r-devel-windows-x86_64 0.1.0 60.00 81.00 141.00 NOTE
r-patched-linux-x86_64 0.1.0 42.46 46.35 88.81 NOTE
r-release-linux-x86_64 0.1.0 40.69 46.58 87.27 NOTE
r-release-macos-arm64 0.1.0 14.00 24.00 38.00 NOTE
r-release-macos-x86_64 0.1.0 21.00 45.00 66.00 NOTE
r-release-windows-x86_64 0.1.0 54.00 81.00 135.00 NOTE
r-oldrel-macos-arm64 0.1.0 18.00 22.00 40.00 NOTE
r-oldrel-macos-x86_64 0.1.0 16.00 39.00 55.00 NOTE
r-oldrel-windows-x86_64 0.1.0 65.00 102.00 167.00 NOTE

Check Details

Version: 0.1.0
Check: CRAN incoming feasibility
Result: NOTE Maintainer: ‘Xingche Guo <xguo@iastate.edu>’ No Authors@R field in DESCRIPTION. Please add one, modifying Authors@R: person(given = "Xingche", family = "Guo", role = c("aut", "cre"), email = "xguo@iastate.edu") as necessary. Flavors: r-devel-linux-x86_64-debian-clang, r-devel-linux-x86_64-debian-gcc

Version: 0.1.0
Check: whether package can be installed
Result: WARN Found the following significant warnings: /home/hornik/tmp/R.check/r-devel-clang/Work/build/Packages/RcppArmadillo/include/RcppArmadillo/version/arma.h:66:17: warning: Using fallback compilation with Armadillo 14.6.3. Please consider defining -DARMA_USE_CURRENT and also removing C++11 compilation directive. See GitHub issue #475 for more. [-W#pragma-messages] See ‘/home/hornik/tmp/R.check/r-devel-clang/Work/PKGS/spFW.Rcheck/00install.out’ for details. * used C++ compiler: ‘Debian clang version 21.1.5 (1)’ Flavor: r-devel-linux-x86_64-debian-clang

Version: 0.1.0
Check: C++ specification
Result: NOTE Specified C++11: please drop specification unless essential Flavors: r-devel-linux-x86_64-debian-clang, r-devel-linux-x86_64-debian-gcc, r-devel-linux-x86_64-fedora-clang, r-devel-linux-x86_64-fedora-gcc, r-devel-windows-x86_64, r-patched-linux-x86_64, r-release-linux-x86_64, r-release-macos-arm64, r-release-macos-x86_64, r-release-windows-x86_64, r-oldrel-macos-arm64, r-oldrel-macos-x86_64, r-oldrel-windows-x86_64

Version: 0.1.0
Check: whether package can be installed
Result: WARN Found the following significant warnings: /home/hornik/tmp/R.check/r-devel-gcc/Work/build/Packages/RcppArmadillo/include/RcppArmadillo/version/arma.h:66:199: note: ‘#pragma message: Using fallback compilation with Armadillo 14.6.3. Please consider defining -DARMA_USE_CURRENT and also removing C++11 compilation directive. See GitHub issue #475 for more.’ See ‘/home/hornik/tmp/R.check/r-devel-gcc/Work/PKGS/spFW.Rcheck/00install.out’ for details. * used C++ compiler: ‘g++-15 (Debian 15.2.0-7) 15.2.0’ Flavor: r-devel-linux-x86_64-debian-gcc