Last updated on 2025-07-12 02:51:58 CEST.
Flavor | Version | Tinstall | Tcheck | Ttotal | Status | Flags |
---|---|---|---|---|---|---|
r-devel-linux-x86_64-debian-clang | 0.1.0 | 6.55 | 60.07 | 66.62 | OK | |
r-devel-linux-x86_64-debian-gcc | 0.1.0 | 4.69 | 44.46 | 49.15 | OK | |
r-devel-linux-x86_64-fedora-clang | 0.1.0 | 96.86 | OK | |||
r-devel-linux-x86_64-fedora-gcc | 0.1.0 | 92.01 | OK | |||
r-devel-windows-x86_64 | 0.1.0 | 8.00 | 69.00 | 77.00 | OK | |
r-patched-linux-x86_64 | 0.1.0 | 6.10 | 55.27 | 61.37 | OK | |
r-release-linux-x86_64 | 0.1.0 | 6.22 | 54.83 | 61.05 | OK | |
r-release-macos-arm64 | 0.1.0 | 33.00 | OK | |||
r-release-macos-x86_64 | 0.1.0 | 55.00 | OK | |||
r-release-windows-x86_64 | 0.1.0 | 7.00 | 68.00 | 75.00 | OK | |
r-oldrel-macos-arm64 | 0.1.0 | 30.00 | NOTE | |||
r-oldrel-macos-x86_64 | 0.1.0 | 46.00 | NOTE | |||
r-oldrel-windows-x86_64 | 0.1.0 | 9.00 | 81.00 | 90.00 | NOTE |
Version: 0.1.0
Check: LazyData
Result: NOTE
'LazyData' is specified without a 'data' directory
Flavors: r-oldrel-macos-arm64, r-oldrel-macos-x86_64, r-oldrel-windows-x86_64