Last updated on 2025-11-15 03:50:30 CET.
| Flavor | Version | Tinstall | Tcheck | Ttotal | Status | Flags |
|---|---|---|---|---|---|---|
| r-devel-linux-x86_64-debian-clang | 2.1.1 | 4.10 | 35.49 | 39.59 | NOTE | |
| r-devel-linux-x86_64-debian-gcc | 2.1.1 | 3.41 | 25.33 | 28.74 | NOTE | |
| r-devel-linux-x86_64-fedora-clang | 2.1.1 | 17.00 | 48.52 | 65.52 | NOTE | |
| r-devel-linux-x86_64-fedora-gcc | 2.1.1 | 12.00 | 48.34 | 60.34 | NOTE | |
| r-devel-windows-x86_64 | 2.1.1 | 7.00 | 56.00 | 63.00 | OK | |
| r-patched-linux-x86_64 | 2.1.1 | 4.64 | 33.70 | 38.34 | OK | |
| r-release-macos-arm64 | 2.1.1 | 3.00 | 22.00 | 25.00 | OK | |
| r-release-macos-x86_64 | 2.1.1 | 8.00 | 56.00 | 64.00 | OK | |
| r-release-windows-x86_64 | 2.1.1 | 14.00 | 61.00 | 75.00 | OK | |
| r-oldrel-macos-arm64 | 2.1.1 | 3.00 | 27.00 | 30.00 | OK | |
| r-oldrel-macos-x86_64 | 2.1.1 | 8.00 | 49.00 | 57.00 | OK | |
| r-oldrel-windows-x86_64 | 2.1.1 | 7.00 | 57.00 | 64.00 | OK |
Version: 2.1.1
Check: CRAN incoming feasibility
Result: NOTE
Maintainer: ‘Shuichi Kawano <skawano@math.kyushu-u.ac.jp>’
No Authors@R field in DESCRIPTION.
Please add one, modifying
Authors@R: person(given = "Shuichi",
family = "Kawano",
role = c("aut", "cre"),
email = "skawano@math.kyushu-u.ac.jp")
as necessary.
Flavors: r-devel-linux-x86_64-debian-clang, r-devel-linux-x86_64-debian-gcc
Version: 2.1.1
Check: compiled code
Result: NOTE
File ‘spcr/libs/spcr.so’:
Found no calls to: ‘R_registerRoutines’, ‘R_useDynamicSymbols’
It is good practice to register native routines and to disable symbol
search.
See ‘Writing portable packages’ in the ‘Writing R Extensions’ manual.
Flavors: r-devel-linux-x86_64-fedora-clang, r-devel-linux-x86_64-fedora-gcc