Last updated on 2024-05-07 01:53:30 CEST.
Flavor | Version | Tinstall | Tcheck | Ttotal | Status | Flags |
---|---|---|---|---|---|---|
r-devel-linux-x86_64-debian-clang | 0.0.1.7 | 64.09 | 35.98 | 100.07 | NOTE | |
r-devel-linux-x86_64-debian-gcc | 0.0.1.7 | 43.83 | 27.68 | 71.51 | NOTE | |
r-devel-linux-x86_64-fedora-clang | 0.0.1.7 | 158.39 | NOTE | |||
r-devel-linux-x86_64-fedora-gcc | 0.0.1.7 | 191.87 | NOTE | |||
r-devel-windows-x86_64 | 0.0.1.7 | 44.00 | 71.00 | 115.00 | NOTE | |
r-patched-linux-x86_64 | 0.0.1.7 | 58.97 | 35.17 | 94.14 | NOTE | |
r-release-linux-x86_64 | 0.0.1.7 | 57.14 | 34.06 | 91.20 | NOTE | |
r-release-macos-arm64 | 0.0.1.7 | 37.00 | NOTE | |||
r-release-windows-x86_64 | 0.0.1.7 | 48.00 | 76.00 | 124.00 | NOTE | |
r-oldrel-macos-arm64 | 0.0.1.7 | 40.00 | NOTE | |||
r-oldrel-macos-x86_64 | 0.0.1.7 | 68.00 | NOTE | |||
r-oldrel-windows-x86_64 | 0.0.1.7 | 48.00 | 78.00 | 126.00 | NOTE |
Version: 0.0.1.7
Check: package subdirectories
Result: NOTE
Problems with news in ‘NEWS.md’:
Cannot extract version info from the following section titles:
Roadmap of specklestar package
Flavors: r-devel-linux-x86_64-debian-clang, r-devel-linux-x86_64-debian-gcc, r-devel-linux-x86_64-fedora-clang, r-devel-linux-x86_64-fedora-gcc, r-devel-windows-x86_64, r-patched-linux-x86_64, r-release-linux-x86_64, r-release-macos-arm64, r-release-windows-x86_64, r-oldrel-macos-arm64, r-oldrel-macos-x86_64, r-oldrel-windows-x86_64
Version: 0.0.1.7
Check: LazyData
Result: NOTE
'LazyData' is specified without a 'data' directory
Flavors: r-devel-linux-x86_64-debian-clang, r-devel-linux-x86_64-debian-gcc, r-devel-linux-x86_64-fedora-clang, r-devel-linux-x86_64-fedora-gcc, r-devel-windows-x86_64, r-patched-linux-x86_64, r-release-linux-x86_64, r-release-macos-arm64, r-release-windows-x86_64, r-oldrel-macos-arm64, r-oldrel-macos-x86_64, r-oldrel-windows-x86_64