CRAN Package Check Results for Package spectralGP

Last updated on 2025-11-15 02:53:16 CET.

Flavor Version Tinstall Tcheck Ttotal Status Flags
r-devel-linux-x86_64-debian-clang 1.3.3 3.19 27.69 30.88 NOTE
r-devel-linux-x86_64-debian-gcc 1.3.3 2.21 21.75 23.96 NOTE
r-devel-linux-x86_64-fedora-clang 1.3.3 45.52 NOTE
r-devel-linux-x86_64-fedora-gcc 1.3.3 19.00 27.30 46.30 NOTE
r-devel-windows-x86_64 1.3.3 4.00 49.00 53.00 NOTE
r-patched-linux-x86_64 1.3.3 3.42 26.42 29.84 NOTE
r-release-linux-x86_64 1.3.3 2.86 26.29 29.15 NOTE
r-release-macos-arm64 1.3.3 1.00 18.00 19.00 NOTE
r-release-macos-x86_64 1.3.3 2.00 26.00 28.00 NOTE
r-release-windows-x86_64 1.3.3 5.00 49.00 54.00 NOTE
r-oldrel-macos-arm64 1.3.3 2.00 16.00 18.00 NOTE
r-oldrel-macos-x86_64 1.3.3 2.00 25.00 27.00 NOTE
r-oldrel-windows-x86_64 1.3.3 4.00 49.00 53.00 NOTE

Check Details

Version: 1.3.3
Check: CRAN incoming feasibility
Result: NOTE Maintainer: ‘Chris Paciorek <paciorek@alumni.cmu.edu>’ No Authors@R field in DESCRIPTION. Please add one, modifying Authors@R: person(given = "Chris", family = "Paciorek", role = c("aut", "cre"), email = "paciorek@alumni.cmu.edu") as necessary. Package CITATION file contains call(s) to old-style citEntry(). Please use bibentry() instead. Flavors: r-devel-linux-x86_64-debian-clang, r-devel-linux-x86_64-debian-gcc

Version: 1.3.3
Check: Rd files
Result: NOTE checkRd: (-1) image.plot.Rd:78: Escaped LaTeX specials: \$ Flavors: r-devel-linux-x86_64-debian-clang, r-devel-linux-x86_64-debian-gcc, r-devel-linux-x86_64-fedora-clang, r-devel-linux-x86_64-fedora-gcc, r-devel-windows-x86_64, r-patched-linux-x86_64, r-release-linux-x86_64, r-release-macos-arm64, r-release-macos-x86_64, r-release-windows-x86_64, r-oldrel-macos-arm64, r-oldrel-macos-x86_64, r-oldrel-windows-x86_64