Last updated on 2024-05-09 01:56:10 CEST.
Flavor | Version | Tinstall | Tcheck | Ttotal | Status | Flags |
---|---|---|---|---|---|---|
r-devel-linux-x86_64-debian-clang | 2.0.0 | 3.59 | 31.18 | 34.77 | OK | |
r-devel-linux-x86_64-debian-gcc | 2.0.0 | 2.48 | 24.52 | 27.00 | OK | |
r-devel-linux-x86_64-fedora-clang | 2.0.0 | 45.52 | NOTE | |||
r-devel-linux-x86_64-fedora-gcc | 2.0.0 | 61.55 | NOTE | |||
r-devel-windows-x86_64 | 2.0.0 | 5.00 | 52.00 | 57.00 | OK | |
r-patched-linux-x86_64 | 2.0.0 | 2.94 | 29.57 | 32.51 | OK | |
r-release-linux-x86_64 | 2.0.0 | 2.74 | 29.91 | 32.65 | OK | |
r-release-macos-arm64 | 2.0.0 | 18.00 | OK | |||
r-release-windows-x86_64 | 2.0.0 | 5.00 | 51.00 | 56.00 | OK | |
r-oldrel-macos-arm64 | 2.0.0 | 23.00 | OK | |||
r-oldrel-macos-x86_64 | 2.0.0 | 34.00 | OK | |||
r-oldrel-windows-x86_64 | 2.0.0 | 5.00 | 52.00 | 57.00 | OK |
Version: 2.0.0
Check: dependencies in R code
Result: NOTE
Namespaces in Imports field not imported from:
‘glue’ ‘httptest’
All declared Imports should be used.
Flavors: r-devel-linux-x86_64-fedora-clang, r-devel-linux-x86_64-fedora-gcc